V/Λ SELECT: Month and Year
OR > Month
Monthly Climatological Summary for Mar 2024
Name: Burra Community School City: Burra State: SA
Elevation: 486 m Lat: S 33° 40' 37" Lon: E 138° 56' 12"
Temperature (°C), Rain (mm), Wind Speed (km/h)
Heat Cool Avg
Mean Deg Deg Wind Dom
Day Temp High Time Low Time Days Days Rain Speed High Time Dir
----------------------------------------------------------------------------------
01 23.2 32.7 14:23 15.0 06:38 0.7 5.7 0.0 10.9 40.0 12:00 NNE
02 17.9 25.1 16:42 10.1 07:19 2.5 2.0 0.0 9.8 32.0 09:36 W
03 17.1 25.8 16:49 10.9 07:15 2.9 1.8 0.0 10.2 32.0 09:00 W
04 21.0 26.4 17:42 14.2 09:00 0.2 2.9 0.0 7.5 32.0 11:30 WSW
05 25.7 33.2 17:03 16.3 06:46 0.2 7.6 0.0 4.6 31.0 15:45 NNE
06 24.7 33.8 14:45 16.3 06:54 0.2 6.6 0.0 9.1 31.0 17:50 WNW
07 23.7 30.3 15:40 18.1 07:18 0.0 5.4 0.0 8.9 34.0 11:25 W
08 28.9 33.9 17:34 22.5 09:00 0.0 10.5 0.0 8.2 31.0 11:30 SW
09 31.3 37.3 15:57 22.4 07:30 0.0 13.0 0.0 12.5 39.0 10:58 SSE
10 30.6 36.2 16:17 26.6 07:29 0.0 12.3 0.0 9.8 40.0 10:47 S
11 28.6 36.4 16:53 20.1 03:30 0.0 10.1 0.0 7.3 38.6 09:07 SE
12 28.8 37.0 14:42 21.5 07:10 0.0 10.5 0.0 8.0 37.0 18:14 WNW
13 25.7 32.7 16:40 20.2 08:05 0.0 7.4 0.0 9.8 25.7 18:18 W
14 19.1 25.3 15:02 13.7 08:39 1.4 2.3 0.2 15.1 41.8 15:01 W
15 17.7 21.2 08:59 13.6 10:54 1.0 0.4 1.4 7.0 35.4 09:01 WSW
16 23.0 29.0 13:31 17.8 06:33 0.0 4.7 1.0 6.3 32.2 13:52 SSE
17 21.7 29.4 16:00 18.1 05:51 0.0 3.4 5.4 8.5 59.5 16:39 SW
18 21.6 31.2 16:03 14.7 08:43 1.2 4.5 0.0 9.5 33.8 16:21 NE
19 16.1 23.1 14:43 9.1 07:41 3.2 1.0 0.0 13.4 41.8 14:26 NNE
20 13.0 18.8 16:23 7.5 07:08 5.3 0.0 0.0 14.3 37.0 16:17 WNW
21 13.4 19.9 17:39 6.5 07:36 5.1 0.2 0.0 7.9 30.6 12:36 W
22 16.0 22.9 15:20 10.6 06:53 3.4 1.1 0.0 9.3 30.6 08:57 W
23 14.5 22.0 16:03 7.9 07:40 4.5 0.6 0.0 10.3 37.0 21:43 WNW
24 13.4 21.4 17:38 5.9 06:07 5.4 0.5 0.0 5.8 30.6 09:00 W
25 16.2 25.3 16:43 10.3 04:21 3.6 1.5 0.0 5.8 29.0 18:57 W
26 16.2 25.8 15:53 9.9 07:05 3.7 1.6 0.0 7.2 24.1 13:53 WNW
27 16.2 22.8 15:58 10.3 07:40 3.1 1.0 0.0 9.0 30.6 13:58 W
28 16.1 22.7 16:09 10.7 07:32 3.1 0.9 0.0 7.3 32.2 09:14 WSW
29 21.6 27.9 15:38 14.6 09:00 0.2 3.5 0.0 5.3 25.7 11:57 WSW
30 24.7 31.2 16:34 16.3 07:55 0.1 6.5 0.0 5.8 24.1 12:24 WSW
31 24.4 33.0 15:46 17.3 07:10 0.1 6.2 0.0 6.2 35.4 18:16 E
----------------------------------------------------------------------------------
21.0 37.3 9 5.9 24 51.1 135.8 8.0 8.8 59.5 17 W
Max >= 27.0 16
Max <= 0.0 0
Min <= 0.0 0
Min <= -18.0 0
Max Rain: 5.4 on day 17
Days of Rain: 4 (>= 0.2 mm) 1 (>= 2.0 mm) 0 (>= 20.0 mm)
Heat Base: 18.3 Cool Base: 18.3 Method: Integration