V/Λ SELECT: Month and Year
OR > Month
Monthly Climatological Summary for Apr 2024
Name: Burra Community School City: Burra State: SA
Elevation: 486 m Lat: S 33° 40' 37" Lon: E 138° 56' 12"
Temperature (°C), Rain (mm), Wind Speed (km/h)
Heat Cool Avg
Mean Deg Deg Wind Dom
Day Temp High Time Low Time Days Days Rain Speed High Time Dir
----------------------------------------------------------------------------------
01 16.4 22.6 15:44 11.9 07:51 2.7 0.8 0.0 18.3 60.0 17:19 ENE
02 13.0 19.1 14:36 6.6 03:56 5.4 0.0 0.0 11.5 47.0 13:15 NE
03 13.5 17.5 14:18 8.8 07:59 4.8 0.0 0.0 7.7 29.0 12:50 N
04 13.5 18.4 16:20 8.0 07:08 4.8 0.0 0.0 8.4 29.0 10:17 WNW
05 13.0 19.6 16:09 7.1 06:48 5.4 0.1 0.0 6.1 26.0 11:17 W
06 14.6 22.0 14:52 7.2 02:12 4.7 0.8 0.0 6.1 31.0 17:31 NNE
07 12.5 19.9 14:44 5.3 02:57 5.9 0.1 0.0 6.3 31.0 14:16 NNE
08 12.6 18.3 15:17 6.9 07:05 5.7 0.0 1.0 9.8 45.0 16:27 NNE
09 12.2 16.7 14:41 9.5 06:28 6.1 0.0 0.0 9.0 34.0 14:06 NNW
10 11.8 17.5 14:15 6.5 02:48 6.4 0.0 0.0 6.0 30.6 15:14 NNW
11 11.9 19.1 14:37 5.1 07:01 6.4 0.0 0.0 3.8 24.1 13:16 NNW
12 11.5 19.3 14:34 4.4 05:44 6.9 0.1 0.0 3.3 19.3 13:28 NNW
13 13.2 20.8 14:56 6.6 07:12 5.3 0.2 0.0 4.6 19.3 15:12 W
14 14.0 22.7 13:51 6.3 06:42 5.1 0.9 0.0 4.7 29.0 13:33 ENE
15 15.2 23.8 14:32 8.4 06:54 4.1 1.0 0.0 4.8 25.7 14:34 WNW
16 14.2 21.8 14:08 8.0 03:01 4.6 0.5 0.0 5.3 20.9 16:50 WNW
17 12.1 18.5 15:15 6.3 07:00 6.2 0.0 0.0 6.4 30.6 15:03 WNW
18 12.9 16.6 13:21 9.9 09:00 5.4 0.0 1.0 12.8 43.5 15:32 NNE
19 11.3 16.2 14:44 6.7 07:00 7.0 0.0 0.0 10.9 38.6 13:15 WNW
20 11.2 18.4 15:21 3.9 04:45 7.1 0.0 0.0 6.1 32.2 10:32 W
21 14.1 21.1 15:36 9.1 23:07 4.6 0.4 0.0 4.8 19.3 16:53 WSW
22 16.5 24.8 15:26 9.4 01:17 3.6 1.8 0.0 5.8 29.0 11:26 E
23 13.9 25.3 13:34 4.3 06:33 6.0 1.6 0.0 13.6 51.5 15:29 NE
----------------------------------------------------------------------------------
13.3 25.3 23 3.9 20 124.2 8.2 2.0 7.7 60.0 1 N
Max >= 27.0 0
Max <= 0.0 0
Min <= 0.0 0
Min <= -18.0 0
Max Rain: 1.0 on day 8
Days of Rain: 2 (>= 0.2 mm) 0 (>= 2.0 mm) 0 (>= 20.0 mm)
Heat Base: 18.3 Cool Base: 18.3 Method: Integration