V/Λ SELECT: Month and Year
OR > Month
Monthly Climatological Summary for Jul 2021
Name: City: State:
Elevation: 494 m Lat: S 33° 40' 38" Lon: E 138° 56' 13"
Temperature (°C), Rain (mm), Wind Speed (km/h)
Heat Cool Avg
Mean Deg Deg Wind Dom
Day Temp High Time Low Time Days Days Rain Speed High Time Dir
----------------------------------------------------------------------------------
1 7.7 12.8 13:43 4.2 22:37 10.6 0.0 1.0 2.1 38.6 08:50 N
2 5.5 9.3 14:32 3.8 00:15 12.8 0.0 4.6 8.3 48.3 13:43 N
3 7.1 8.9 14:31 5.7 09:00 11.2 0.0 1.6 5.1 37.0 14:43 N
4 6.8 10.0 15:26 2.4 08:40 11.5 0.0 0.4 2.0 25.7 11:03 N
5 6.3 10.5 14:43 1.9 08:23 12.0 0.0 0.0 0.0 1.6 09:52 N
6 7.3 12.8 15:01 3.6 23:21 11.0 0.0 0.0 0.9 20.9 11:42 N
7 9.3 13.6 14:00 6.0 08:41 9.0 0.0 0.0 1.9 29.0 10:22 N
8 6.9 11.6 13:05 4.1 00:10 11.4 0.0 0.0 0.3 12.9 13:45 NE
9 7.8 12.7 13:55 3.3 08:23 10.4 0.0 1.2 2.5 33.8 16:47 N
10 9.4 14.1 14:36 5.3 09:00 8.9 0.0 0.2 0.5 24.1 08:54 ENE
11 10.2 15.9 14:56 7.2 20:38 8.1 0.0 0.0 9.5 41.8 11:42 N
12 8.7 11.9 13:01 6.1 08:40 9.6 0.0 0.0 2.6 33.8 11:01 N
13 10.8 14.9 14:15 6.9 09:00 7.5 0.0 5.6 18.3 49.9 23:03 N
14 12.4 16.4 13:55 9.8 08:24 5.9 0.0 1.2 16.9 45.1 11:01 N
15 9.7 15.1 14:02 6.9 00:19 8.5 0.0 5.6 21.2 59.5 22:15 N
16 7.7 11.3 13:31 0.0 09:03 10.5 0.0 11.8 32.7 74.0 23:12 N
17 6.8 10.4 14:06 5.0 08:23 11.3 0.0 0.6 11.7 66.0 10:05 N
18 5.8 9.7 13:05 3.8 00:26 12.5 0.0 0.2 0.8 25.7 08:45 N
19 9.5 11.3 15:00 6.6 09:00 8.8 0.0 1.8 20.2 57.9 22:49 N
20 4.9 10.4 13:56 0.1 08:24 13.4 0.0 2.4 9.4 61.2 11:05 N
21 6.7 9.2 14:30 2.5 09:00 11.6 0.0 0.0 4.0 19.3 23:57 NNE
22 5.5 7.4 14:35 4.4 11:09 12.8 0.0 6.2 2.9 41.8 10:43 N
23 8.1 10.4 15:44 6.0 09:00 10.2 0.0 0.2 13.2 49.9 08:42 N
24 6.5 10.8 12:47 3.6 13:51 11.8 0.0 7.2 32.0 78.9 12:31 N
25 9.9 12.2 14:16 7.1 09:00 8.4 0.0 0.4 22.0 67.6 13:23 N
26 10.5 14.2 12:33 7.9 21:36 7.8 0.0 0.2 17.9 57.9 08:45 N
27 13.5 18.3 14:22 9.1 08:06 4.8 0.0 9.2 19.9 64.4 13:55 N
28 7.8 11.9 12:25 3.2 08:07 10.5 0.0 0.8 14.4 64.4 13:44 N
29 9.2 13.2 15:04 5.3 09:00 9.1 0.0 0.0 9.0 33.8 23:55 N
30 12.4 17.7 15:09 9.4 00:39 5.9 0.0 0.0 8.0 48.3 14:26 N
31 10.8 18.0 13:12 6.5 08:19 7.5 0.0 5.8 6.1 45.1 11:09 N
----------------------------------------------------------------------------------
8.4 18.3 27 0.0 16 305.3 0.0 68.2 10.2 78.9 24 N
Max >= 27.0: 0
Max <= 0.0: 0
Min <= 0.0: 1
Min <= -18.0: 0
Max Rain: 11.8 on day 16
Days of Rain: 22 (>= 0.2 mm) 9 (>= 2.0 mm) 0 (>= 20.0 mm)
Heat Base: 18.3 Cool Base: 18.3 Method: Integration