V/Λ SELECT: Month and Year
OR > Month
Monthly Climatological Summary for Mar 2020
Name: City: State:
Elevation: 494 m Lat: S 33° 40' 38" Lon: E 138° 56' 13"
Temperature (°C), Rain (mm), Wind Speed (km/h)
Heat Cool Avg
Mean Deg Deg Wind Dom
Day Temp High Time Low Time Days Days Rain Speed High Time Dir
----------------------------------------------------------------------------------
1 22.4 31.7 14:42 11.3 08:40 0.7 4.8 0.2 13.9 61.2 18:05 N
2 15.0 20.3 16:59 9.1 08:57 3.5 0.2 0.0 10.0 35.4 09:17 ESE
3 15.6 18.3 17:19 9.2 09:00 2.7 0.0 0.0 7.4 25.7 12:03 ESE
4 15.2 19.5 16:30 0.0 09:07 3.1 0.1 0.0 4.8 24.1 14:40 ESE
5 14.3 19.3 13:27 9.9 01:48 4.0 0.0 0.0 5.9 35.4 13:23 N
6 16.4 22.2 17:10 10.6 07:33 2.7 0.9 0.0 6.1 37.0 15:35 NE
7 16.4 22.7 17:16 10.5 07:32 2.8 0.9 0.0 4.2 24.1 09:09 ESE
8 16.9 23.6 16:03 11.8 07:33 2.7 1.3 0.0 4.7 22.5 10:09 ESE
9 17.5 22.8 16:21 11.5 07:33 1.8 1.0 0.0 4.2 24.1 12:03 E
10 21.6 28.3 16:02 16.2 09:00 0.2 3.5 0.0 3.8 32.2 08:52 NE
11 26.9 31.7 15:45 23.2 07:33 0.0 8.6 0.0 9.3 41.8 08:39 N
12 26.7 31.8 14:50 18.8 08:54 0.0 8.4 0.0 4.9 41.8 09:58 NNE
13 14.9 23.0 16:15 6.8 07:33 4.5 1.1 0.0 13.1 48.3 16:02 ENE
14 13.5 18.8 16:44 7.7 07:33 4.9 0.0 0.0 11.6 41.8 10:24 ESE
15 14.6 20.8 17:01 9.7 07:49 4.0 0.4 0.0 5.8 35.4 12:16 ESE
16 20.3 25.1 16:30 13.8 09:00 0.5 2.0 0.0 10.0 33.8 08:31 SSW
17 24.7 30.7 15:41 18.2 00:34 0.0 6.4 0.0 3.9 37.0 10:26 NNE
18 27.5 33.8 15:03 20.6 01:08 0.0 9.2 0.0 6.8 37.0 08:31 N
19 21.5 32.4 15:14 12.6 07:49 1.6 4.8 0.0 11.0 62.8 15:15 N
20 16.0 23.4 15:34 9.9 07:49 3.3 1.0 0.0 7.9 38.6 12:33 N
21 17.2 26.5 15:15 11.1 07:49 2.6 1.5 0.0 4.3 35.4 16:56 NNE
22 14.7 21.3 15:27 8.4 08:06 4.1 0.4 0.0 8.3 25.7 17:35 ESE
23 15.1 19.3 16:10 9.8 09:00 3.3 0.1 0.0 4.7 25.7 10:17 E
24 12.1 13.1 17:11 10.0 08:24 6.2 0.0 2.8 1.2 17.7 08:34 ESE
25 13.2 18.9 16:43 7.4 07:49 5.1 0.0 0.0 8.1 29.0 17:40 ESE
26 14.1 20.7 16:56 6.7 07:51 4.5 0.3 0.0 2.9 20.9 12:32 E
27 16.9 24.8 15:33 10.6 01:50 3.0 1.6 0.0 1.5 16.1 11:57 ENE
28 22.0 29.6 16:00 16.4 23:54 0.4 4.1 0.0 3.8 33.8 15:25 NNE
29 19.4 27.1 14:30 8.1 08:10 1.2 2.0 0.4 12.5 40.2 14:00 S
30 14.8 20.8 15:20 6.9 08:07 3.9 0.4 0.0 3.6 32.2 14:05 N
31 17.9 24.4 16:58 12.2 09:00 1.6 1.2 0.0 6.0 22.5 00:08 NE
----------------------------------------------------------------------------------
17.9 33.8 18 0.0 4 78.9 66.2 3.4 6.4 62.8 19 ENE
Max >= 27.0: 9
Max <= 0.0: 0
Min <= 0.0: 1
Min <= -18.0: 0
Max Rain: 2.8 on day 24
Days of Rain: 3 (>= 0.2 mm) 1 (>= 2.0 mm) 0 (>= 20.0 mm)
Heat Base: 18.3 Cool Base: 18.3 Method: Integration