V/Λ SELECT: Month and Year
OR > Month
Monthly Climatological Summary for Mar 2019
Name: City: State:
Elevation: 494 m Lat: S 33° 40' 38" Lon: E 138° 56' 13"
Temperature (°C), Rain (mm), Wind Speed (km/h)
Heat Cool Avg
Mean Deg Deg Wind Dom
Day Temp High Time Low Time Days Days Rain Speed High Time Dir
----------------------------------------------------------------------------------
1 31.3 36.7 15:18 27.2 02:43 0.0 13.0 0.0 9.2 33.8 09:42 N
2 31.7 36.9 16:15 25.6 07:32 0.0 13.4 0.0 6.3 35.4 09:27 N
3 26.6 37.2 14:32 18.5 01:22 0.0 8.3 0.0 5.6 41.8 17:50 N
4 25.4 34.7 12:59 15.7 07:50 0.1 7.2 0.0 5.9 41.8 17:02 N
5 18.3 26.4 15:51 10.3 07:32 2.4 2.4 0.0 20.7 51.5 23:49 N
6 13.1 18.1 16:34 7.5 07:32 5.1 0.0 0.0 8.0 46.7 10:38 N
7 17.9 25.6 17:04 10.8 09:00 1.8 1.4 0.0 3.0 25.7 09:19 N
8 23.3 28.8 14:16 16.2 07:33 0.0 5.0 0.0 5.3 38.6 15:45 N
9 23.1 30.1 16:32 17.0 02:46 0.3 5.1 0.0 6.2 43.5 16:34 N
10 22.2 29.3 14:11 17.2 08:06 0.0 4.0 0.0 13.9 69.2 13:48 N
11 18.1 24.6 15:07 13.2 07:40 1.8 1.6 0.0 18.2 53.1 18:26 N
12 14.8 20.8 13:46 7.9 07:33 4.0 0.4 0.0 7.4 41.8 11:30 N
13 15.6 21.8 17:13 10.8 07:32 3.2 0.6 0.0 3.4 20.9 17:58 N
14 18.3 26.6 16:12 10.5 07:33 2.6 2.6 0.0 6.6 32.2 15:14 N
15 17.8 24.9 17:34 12.8 02:39 2.2 1.7 0.0 4.7 25.7 22:46 N
16 20.5 26.9 16:22 15.7 07:49 0.8 3.0 0.0 2.7 17.7 10:18 N
17 22.6 30.2 16:33 16.4 07:49 0.3 4.6 0.0 3.3 24.1 19:02 N
18 24.5 31.9 15:26 18.1 08:06 0.0 6.2 0.0 3.7 38.6 18:34 N
19 22.4 31.8 15:03 13.2 07:49 0.9 5.0 0.0 3.8 37.0 18:42 N
20 23.0 31.2 14:27 15.7 07:49 0.1 4.8 0.0 6.8 37.0 16:42 N
21 21.1 27.6 16:29 15.6 07:49 0.3 3.1 0.0 9.2 33.8 18:29 N
22 24.4 31.2 16:14 17.7 09:00 0.0 6.1 0.0 4.3 32.2 18:29 N
23 20.1 28.2 13:54 16.4 22:02 0.9 2.7 0.8 6.4 41.8 12:17 N
24 17.9 22.7 13:22 11.5 07:49 1.6 1.2 1.4 15.6 62.8 01:35 N
25 11.5 16.3 13:55 6.1 07:49 6.8 0.0 0.0 12.4 56.3 11:39 N
26 14.0 19.4 16:11 10.3 09:00 4.4 0.1 0.0 2.5 32.2 12:51 N
27 16.3 24.3 16:42 9.7 07:49 3.1 1.1 0.0 2.7 19.3 09:28 N
28 21.2 27.2 16:13 15.2 01:05 0.3 3.2 0.0 3.0 25.7 13:31 N
29 12.7 21.4 09:08 7.8 01:21 6.0 0.4 0.0 22.5 66.0 14:34 N
30 11.6 15.6 14:52 9.3 10:19 6.7 0.0 0.0 13.1 51.5 14:34 N
31 14.1 19.6 15:49 7.1 08:06 4.3 0.1 0.0 6.9 40.2 13:05 N
----------------------------------------------------------------------------------
19.9 37.2 3 6.1 25 60.0 108.3 2.2 7.9 69.2 10 N
Max >= 27.0: 15
Max <= 0.0: 0
Min <= 0.0: 0
Min <= -18.0: 0
Max Rain: 1.4 on day 24
Days of Rain: 2 (>= 0.2 mm) 0 (>= 2.0 mm) 0 (>= 20.0 mm)
Heat Base: 18.3 Cool Base: 18.3 Method: Integration