V/Λ SELECT: Month and Year
OR > Month
Monthly Climatological Summary for Apr 2017
Name: City: State:
Elevation: 494 m Lat: S 33° 40' 38" Lon: E 138° 56' 13"
Temperature (°C), Rain (mm), Wind Speed (km/h)
Heat Cool Avg
Mean Deg Deg Wind Dom
Day Temp High Time Low Time Days Days Rain Speed High Time Dir
----------------------------------------------------------------------------------
1 12.6 17.9 13:39 7.3 03:26 5.9 0.0 0.0 5.4 33.8 11:44 NNE
2 12.0 17.6 15:32 6.7 07:08 6.3 0.0 0.0 7.6 32.2 22:08 N
3 12.4 18.2 14:53 6.7 07:00 5.9 0.0 0.0 2.8 19.3 09:16 NNE
4 18.6 24.3 14:34 12.0 07:29 1.3 1.6 0.0 2.6 25.7 14:16 NNE
5 16.8 23.7 15:14 8.6 06:56 3.2 1.6 0.0 2.0 25.7 13:16 NNE
6 20.6 25.2 13:45 15.1 07:15 0.3 2.5 0.0 3.6 25.7 08:07 NNE
7 20.7 27.2 14:41 13.4 00:17 0.7 3.1 0.0 5.9 33.8 14:22 N
8 18.2 29.3 13:17 9.1 07:18 3.5 3.4 0.0 19.1 59.5 08:55 N
9 10.4 15.0 14:23 7.8 20:40 7.9 0.0 0.0 12.7 61.2 11:06 N
10 11.8 16.4 14:35 8.5 05:22 6.5 0.0 0.0 9.1 43.5 14:01 N
11 13.0 18.5 15:16 8.2 07:30 5.3 0.0 0.0 6.2 25.7 12:15 N
12 13.8 21.3 15:23 6.7 05:23 5.0 0.5 0.0 1.6 16.1 13:15 NNE
13 16.6 24.2 14:23 9.6 05:11 3.3 1.6 0.0 2.4 25.7 16:27 NNE
14 16.0 24.1 16:45 10.2 03:30 3.6 1.3 0.0 1.7 19.3 17:08 NNE
15 17.2 25.8 13:06 8.7 04:46 3.1 2.0 0.0 2.6 35.4 13:21 N
16 15.6 22.1 15:23 11.1 04:43 3.3 0.6 0.0 3.7 22.5 08:36 NNE
17 18.2 24.4 14:07 13.4 04:48 1.5 1.5 0.0 4.6 24.1 09:57 N
18 19.5 24.1 14:41 16.4 09:00 0.3 1.6 0.0 8.3 30.6 12:21 N
19 20.9 29.7 12:45 16.7 02:09 0.5 3.1 0.0 3.9 30.6 11:48 N
20 17.0 19.1 12:54 15.7 07:59 1.3 0.1 30.4 3.7 35.4 12:38 N
21 15.8 21.3 15:26 12.9 22:53 2.9 0.4 0.0 3.0 19.3 12:09 N
22 15.6 19.1 15:20 13.3 02:40 2.7 0.0 0.0 5.9 22.5 10:42 N
23 17.0 19.8 14:58 14.7 05:14 1.5 0.2 1.0 2.2 20.9 11:24 N
24 14.7 18.0 10:40 12.1 04:12 3.5 0.0 28.0 6.9 35.4 08:19 N
25 12.3 17.8 13:14 7.3 07:58 6.0 0.0 2.4 19.5 49.9 01:33 N
26 7.6 12.4 13:00 3.4 03:06 10.7 0.0 0.2 6.0 45.1 10:17 N
27 10.9 12.7 14:56 9.0 09:13 7.4 0.0 0.0 4.1 32.2 15:00 N
28 12.8 14.8 13:25 11.4 03:16 5.5 0.0 0.0 2.3 22.5 14:48 N
29 11.4 15.1 13:02 8.2 02:12 6.9 0.0 0.0 1.6 22.5 14:42 N
30 11.8 16.6 13:13 8.4 00:03 6.5 0.0 0.0 3.1 24.1 13:50 N
----------------------------------------------------------------------------------
15.1 29.7 19 3.4 26 122.3 25.1 62.0 5.5 61.2 9 N
Max >= 27.0: 3
Max <= 0.0: 0
Min <= 0.0: 0
Min <= -18.0: 0
Max Rain: 30.4 on day 20
Days of Rain: 5 (>= 0.2 mm) 3 (>= 2.0 mm) 2 (>= 20.0 mm)
Heat Base: 18.3 Cool Base: 18.3 Method: Integration