V/Λ SELECT: Month and Year
OR > Month
Monthly Climatological Summary for Mar 2017
Name: City: State:
Elevation: 494 m Lat: S 33° 40' 38" Lon: E 138° 56' 13"
Temperature (°C), Rain (mm), Wind Speed (km/h)
Heat Cool Avg
Mean Deg Deg Wind Dom
Day Temp High Time Low Time Days Days Rain Speed High Time Dir
----------------------------------------------------------------------------------
1 26.8 35.0 15:30 17.9 07:06 0.0 8.5 0.0 2.0 25.7 13:40 NE
2 25.6 33.6 16:09 17.3 06:54 0.1 7.4 0.0 5.8 43.5 17:37 NE
3 23.6 30.7 16:20 15.8 06:57 0.2 5.6 0.0 5.1 30.6 14:30 NNE
4 21.8 31.7 16:03 10.4 07:13 1.7 5.2 0.0 4.0 43.5 17:41 NNE
5 18.4 27.2 15:43 11.0 04:19 2.6 2.7 0.2 4.0 33.8 19:58 N
6 20.1 26.7 17:12 14.3 09:00 0.8 2.6 0.0 6.0 24.1 11:43 NNE
7 15.4 20.6 08:58 15.2 09:00 2.9 0.1 0.0 3.3 14.5 07:41 N
8 23.8 31.5 15:26 15.9 06:30 0.3 5.9 0.0 2.0 25.7 19:44 NNE
9 16.4 21.4 08:59 14.3 07:32 1.9 0.0 0.0 0.0 0.0 09:00 ---
10 25.8 32.3 13:09 19.1 01:06 0.0 7.5 0.0 4.1 33.8 08:50 NNE
11 22.3 32.3 17:18 12.8 04:19 1.5 5.6 0.0 11.7 49.9 08:58 N
12 15.8 21.0 14:22 12.2 05:58 2.7 0.2 0.0 15.7 61.2 14:39 N
13 16.7 23.1 16:35 11.6 05:08 2.7 1.0 0.0 3.4 29.0 13:57 NNE
14 12.5 25.9 08:59 12.3 09:00 5.6 0.1 0.0 0.0 9.7 08:59 ---
15 24.7 32.8 14:42 14.4 08:22 0.7 7.2 0.0 7.7 51.5 02:27 NNE
16 15.0 21.9 15:14 8.9 06:23 4.1 0.7 0.0 11.0 40.2 09:58 N
17 16.6 23.4 17:43 11.7 09:00 2.7 1.0 0.0 4.8 32.2 09:31 NNE
18 22.9 31.6 16:40 14.3 07:38 0.5 5.1 0.0 2.9 20.9 11:40 NNE
19 25.1 31.6 17:05 19.3 07:51 0.0 6.8 0.0 2.4 24.1 17:20 NE
20 24.2 31.8 16:31 17.7 07:47 0.0 5.9 0.0 3.7 29.0 20:13 NNE
21 20.3 27.9 16:09 15.6 01:12 0.8 2.8 0.0 6.2 33.8 11:44 N
22 16.9 21.1 16:31 13.6 08:34 1.9 0.5 0.0 7.1 30.6 17:06 NNE
23 19.8 25.5 17:07 14.0 09:00 0.8 2.3 0.0 4.4 24.1 11:55 NNE
24 23.0 31.4 15:47 16.5 06:27 0.3 5.0 0.0 2.6 22.5 17:37 NNE
25 23.8 31.6 13:40 17.8 07:58 0.0 5.5 0.0 2.9 32.2 14:33 N
26 29.5 36.7 17:20 18.0 08:27 0.0 11.2 0.0 6.9 45.1 04:03 NNE
27 15.4 22.8 13:49 7.3 06:39 4.2 1.2 0.0 10.5 54.7 11:30 N
28 15.9 24.6 17:02 7.9 05:38 3.8 1.4 0.0 1.9 22.5 12:08 N
29 13.1 22.2 13:32 7.3 03:17 5.7 0.5 0.0 12.3 62.8 15:41 N
30 10.4 16.8 15:21 2.7 07:57 7.9 0.0 0.0 5.7 43.5 13:56 NNE
31 12.1 18.1 16:24 6.7 09:00 6.2 0.0 0.0 2.7 33.8 15:37 NNE
----------------------------------------------------------------------------------
19.8 36.7 26 2.7 30 62.6 109.5 0.2 5.3 62.8 29 NNE
Max >= 27.0: 16
Max <= 0.0: 0
Min <= 0.0: 0
Min <= -18.0: 0
Max Rain: 0.2 on day 5
Days of Rain: 1 (>= 0.2 mm) 0 (>= 2.0 mm) 0 (>= 20.0 mm)
Heat Base: 18.3 Cool Base: 18.3 Method: Integration