V/Λ SELECT: Month and Year
OR > Month
Monthly Climatological Summary for Aug 2016
Name: City: State:
Elevation: 494 m Lat: S 33° 40' 38" Lon: E 138° 56' 13"
Temperature (°C), Rain (mm), Wind Speed (km/h)
Heat Cool Avg
Mean Deg Deg Wind Dom
Day Temp High Time Low Time Days Days Rain Speed High Time Dir
----------------------------------------------------------------------------------
1 6.8 10.1 14:05 2.5 06:35 11.5 0.0 3.8 9.5 43.5 16:20 NNE
2 7.5 10.2 13:23 5.6 23:47 10.8 0.0 0.4 9.6 38.6 12:41 NE
3 7.7 10.2 14:06 6.1 06:39 10.6 0.0 0.2 8.0 25.7 11:16 ESE
4 5.8 10.7 14:05 1.1 03:00 12.5 0.0 0.2 3.3 29.0 09:57 E
5 6.5 11.6 12:50 -0.3 06:40 11.8 0.0 0.0 2.2 24.1 10:46 NNE
6 8.2 13.4 12:01 3.3 23:13 10.1 0.0 0.0 4.1 24.1 11:49 N
7 11.9 15.8 15:19 8.1 00:13 6.4 0.0 0.0 10.5 35.4 03:22 N
8 14.9 19.3 13:14 12.0 23:04 3.5 0.1 0.0 16.7 48.3 05:49 NNW
9 9.9 17.2 13:14 5.8 02:43 8.4 0.0 0.2 26.1 64.4 12:14 N
10 7.8 11.9 14:50 3.7 04:27 10.5 0.0 1.2 19.1 62.8 12:01 N
11 6.9 11.3 14:31 3.3 02:28 11.4 0.0 0.4 6.3 30.6 09:02 N
12 9.0 14.7 14:49 4.6 02:43 9.1 0.0 0.0 8.7 40.2 14:14 N
13 6.3 12.6 14:19 -0.5 06:44 12.0 0.0 0.2 6.7 35.4 10:59 N
14 7.9 15.0 15:47 1.1 06:51 10.4 0.0 0.0 1.4 22.5 08:56 NNE
15 11.8 17.4 13:30 6.4 00:58 6.5 0.0 0.0 10.2 46.7 08:12 N
16 12.4 19.4 14:48 5.1 06:08 6.0 0.1 0.2 6.9 48.3 11:23 NNW
17 15.0 20.6 13:57 9.9 22:41 3.7 0.4 0.0 11.2 49.9 08:00 N
18 13.5 21.7 13:53 5.6 06:01 5.5 0.7 19.6 19.5 61.2 11:53 NNW
19 6.6 9.8 12:13 5.0 03:54 11.7 0.0 1.2 23.3 64.4 11:57 N
20 6.8 11.3 13:11 3.4 05:38 11.5 0.0 0.0 6.6 37.0 10:25 N
21 7.0 14.1 14:20 0.7 06:55 11.3 0.0 0.2 2.0 25.7 12:00 N
22 8.3 14.1 15:55 3.7 22:04 10.0 0.0 0.2 0.5 14.5 12:51 ESE
23 7.5 13.2 11:47 1.7 07:13 10.8 0.0 7.2 2.0 29.0 18:09 E
24 7.6 13.7 13:41 2.4 06:48 10.7 0.0 0.0 1.8 22.5 14:30 NNE
25 6.2 11.3 14:32 1.9 02:34 12.1 0.0 0.2 2.3 30.6 14:57 ESE
26 5.0 10.4 13:33 -0.3 04:51 13.3 0.0 0.4 3.7 30.6 15:05 N
27 10.8 14.7 12:26 7.6 22:04 7.5 0.0 0.0 7.1 41.8 11:55 N
28 14.0 17.2 15:12 11.0 06:11 4.3 0.0 0.8 12.3 41.8 10:31 NNE
29 12.9 17.2 11:44 11.0 04:02 5.4 0.0 4.4 14.7 53.1 21:23 NNE
30 12.4 17.9 13:36 9.2 05:36 5.9 0.0 2.6 13.1 57.9 18:15 N
31 10.7 14.0 14:14 7.7 03:38 7.6 0.0 0.0 5.8 37.0 09:37 N
----------------------------------------------------------------------------------
9.2 21.7 18 -0.5 13 282.8 1.3 43.6 8.9 64.4 9 N
Max >= 27.0: 0
Max <= 0.0: 0
Min <= 0.0: 3
Min <= -18.0: 0
Max Rain: 19.6 on day 18
Days of Rain: 19 (>= 0.2 mm) 5 (>= 2.0 mm) 0 (>= 20.0 mm)
Heat Base: 18.3 Cool Base: 18.3 Method: Integration