V/Λ SELECT: Month and Year
OR > Month
Monthly Climatological Summary for Apr 2014
Name: City: State:
Elevation: 472 m Lat: S 33° 42' 00" Lon: E 138° 53' 60"
Temperature (°C), Rain (mm), Wind Speed (km/h)
Heat Cool Avg
Mean Deg Deg Wind Dom
Day Temp High Time Low Time Days Days Rain Speed High Time Dir
----------------------------------------------------------------------------------
1 25.9 33.4 15:41 16.2 07:58 0.2 7.8 0.0 10.9 40.2 10:26 SSE
2 15.0 19.1 12:36 11.6 06:59 3.3 0.0 0.0 7.8 29.0 16:45 NNE
3 12.8 16.6 16:22 8.3 07:56 5.5 0.0 0.0 8.4 25.7 13:35 NNW
4 12.4 18.8 15:37 6.8 06:01 5.9 0.0 0.0 6.4 25.7 17:56 NW
5 13.0 19.6 16:57 7.7 02:26 5.6 0.1 0.0 4.8 22.5 09:48 NW
6 17.0 21.3 15:02 12.6 23:25 1.8 0.5 0.0 5.7 22.5 05:53 W
7 20.9 26.4 15:36 16.7 05:43 0.2 2.7 3.6 6.3 32.2 13:12 SSW
8 17.1 18.8 11:00 15.7 00:12 1.2 0.0 30.6 3.0 19.3 11:25 SSW
9 17.2 18.4 13:12 16.7 09:00 1.1 0.0 18.0 3.3 16.1 15:51 WNW
10 15.8 19.3 11:20 12.6 05:37 2.6 0.0 12.6 7.7 32.2 23:58 N
11 13.0 16.8 14:18 10.2 06:02 5.3 0.0 0.0 11.6 32.2 12:47 NNW
12 11.2 17.2 15:57 6.6 03:40 7.1 0.0 0.2 3.6 22.5 13:09 N
13 13.6 18.9 15:22 10.2 23:11 4.7 0.0 0.2 4.9 20.9 13:17 NW
14 12.6 18.9 14:38 8.5 06:37 5.7 0.0 0.2 4.1 24.1 12:40 NW
15 11.9 18.0 15:47 6.2 06:17 6.4 0.0 0.2 2.3 24.1 11:34 NW
16 13.3 20.3 14:47 6.1 07:18 5.4 0.3 0.0 3.8 32.2 12:57 ESE
17 15.4 21.4 13:47 10.4 00:03 3.6 0.7 0.0 6.0 35.4 08:53 E
18 11.0 18.2 12:29 4.3 06:39 7.3 0.0 0.0 8.0 41.8 14:41 ENE
19 11.8 17.1 14:15 6.3 07:01 6.5 0.0 0.2 3.3 25.7 15:52 E
20 16.5 20.4 14:32 13.4 20:37 2.1 0.3 0.0 6.4 40.2 08:24 S
21 19.1 24.8 12:57 12.3 06:59 1.2 1.9 0.0 14.2 48.3 12:26 SSE
22 12.3 19.0 14:47 6.3 06:16 6.0 0.0 0.2 5.9 37.0 11:11 NE
23 12.9 20.1 16:16 8.7 22:04 5.6 0.2 0.0 2.7 17.7 13:49 ESE
24 12.8 17.9 13:59 8.5 00:28 5.5 0.0 0.0 4.8 25.7 09:40 N
25 16.2 20.5 14:50 11.6 07:11 2.5 0.4 0.0 4.7 32.2 11:42 S
26 12.4 18.9 12:37 6.7 03:33 5.9 0.0 0.0 8.9 25.7 09:04 NW
27 15.7 18.8 15:08 9.8 09:00 2.6 0.0 0.0 8.0 43.5 03:21 SW
28 20.4 25.8 14:53 12.7 07:46 1.0 3.0 15.0 17.4 51.5 06:16 SSE
29 11.1 15.1 14:57 8.0 05:18 7.2 0.0 4.6 13.4 53.1 11:17 E
30 11.1 13.1 11:08 9.4 06:51 7.2 0.0 0.0 3.0 20.9 10:43 NE
----------------------------------------------------------------------------------
14.7 33.4 1 4.3 18 126.2 17.9 85.6 6.7 53.1 29 ENE
Max >= 27.0: 1
Max <= 0.0: 0
Min <= 0.0: 0
Min <= -18.0: 0
Max Rain: 30.6 on day 8
Days of Rain: 12 (>= 0.2 mm) 6 (>= 2.0 mm) 1 (>= 20.0 mm)
Heat Base: 18.3 Cool Base: 18.3 Method: Integration