V/Λ SELECT: Month and Year
OR > Month
Monthly Climatological Summary for Oct 2021
Name: Burra Community School City: Burra State: SA
Elevation: 486 m Lat: S 33° 40' 38" Lon: E 138° 56' 13"
Temperature (°C), Rain (mm), Wind Speed (km/h)
Heat Cool Avg
Mean Deg Deg Wind Dom
Day Temp High Time Low Time Days Days Rain Speed High Time Dir
----------------------------------------------------------------------------------
01 10.4 14.8 13:38 7.6 06:51 6.9 0.0 0.4 9.6 42.0 12:46 S
02 17.1 23.3 15:57 9.3 09:01 2.0 0.9 3.8 2.2 31.0 08:34 SSW
03 11.6 16.5 16:00 8.4 07:23 6.7 0.0 0.8 17.8 60.0 14:23 S
04 9.5 13.4 12:43 6.8 02:26 8.8 0.0 1.6 19.6 68.0 14:31 S
06 13.5 26.2 14:17 0.0 10:08 6.1 1.5 0.0 8.2 56.0 21:13 S
07 10.0 17.1 09:59 4.6 00:22 8.3 0.0 0.0 2.7 32.0 12:52 S
08 13.7 23.6 09:57 5.7 01:53 5.4 0.8 0.0 5.4 34.0 16:10 S
09 13.9 25.2 10:44 7.4 07:42 5.7 1.3 0.2 8.6 45.0 12:08 S
10 8.3 14.6 16:47 3.7 07:08 10.0 0.0 1.2 4.2 35.0 14:36 SSW
15 9.8 14.7 15:37 7.5 13:12 16.6 0.0 7.0 8.1 47.0 16:48 S
16 9.5 16.7 15:58 4.1 02:06 8.7 0.0 0.0 3.9 31.0 09:47 S
17 16.4 23.2 15:50 9.7 06:55 3.2 1.3 0.0 2.6 29.0 13:15 S
18 15.9 24.1 16:21 7.2 06:55 4.1 1.7 0.0 4.1 32.0 14:31 S
19 16.1 22.2 16:46 0.0 09:07 2.7 0.6 0.0 6.6 42.0 08:22 W
20 18.3 25.1 13:48 11.9 01:58 2.1 2.2 0.0 7.8 43.0 14:16 WSW
21 16.1 24.2 16:12 9.6 02:44 3.7 1.4 0.0 6.5 32.0 16:14 ENE
22 16.1 24.2 14:26 9.6 05:55 3.7 1.4 0.0 11.5 40.0 15:57 ENE
23 10.8 16.5 16:28 5.9 01:30 7.5 0.0 0.0 11.7 47.0 14:38 NNE
24 11.2 17.7 16:31 4.6 06:25 7.1 0.0 0.0 10.0 40.0 10:17 NW
25 15.4 20.9 16:32 9.6 09:00 3.3 0.3 0.0 6.9 29.0 09:41 W
26 22.6 28.2 17:01 18.2 02:15 0.0 4.3 0.0 10.1 32.0 02:35 SSW
27 17.5 24.1 09:40 11.3 06:32 2.1 1.2 0.8 5.7 51.0 10:49 SW
28 17.0 32.6 15:25 10.1 06:36 4.3 2.9 0.8 19.9 76.0 17:32 ESE
29 8.8 14.8 14:25 0.8 06:15 9.1 0.0 0.4 7.0 35.0 15:44 NE
30 10.8 16.9 15:40 4.9 05:28 7.5 0.0 0.0 5.7 29.0 16:05 N
31 15.8 23.2 16:42 5.8 06:19 3.4 1.0 0.0 4.3 26.0 09:29 SW
----------------------------------------------------------------------------------
13.7 32.6 28 0.0 6 149.0 22.8 17.0 8.1 76.0 28 S
Max >= 27.0 2
Max <= 0.0 0
Min <= 0.0 2
Min <= -18.0 0
Max Rain: 7.0 on day 15
Days of Rain: 10 (>= 0.2 mm) 2 (>= 2.0 mm) 0 (>= 20.0 mm)
Heat Base: 18.3 Cool Base: 18.3 Method: Integration