V/Λ SELECT: Month and Year
OR > Month
Monthly Climatological Summary for Jun 2021
Name: City: State:
Elevation: 494 m Lat: S 33° 40' 38" Lon: E 138° 56' 13"
Temperature (°C), Rain (mm), Wind Speed (km/h)
Heat Cool Avg
Mean Deg Deg Wind Dom
Day Temp High Time Low Time Days Days Rain Speed High Time Dir
----------------------------------------------------------------------------------
1 15.0 20.3 13:26 10.6 08:23 3.5 0.2 0.0 6.1 25.7 23:28 N
2 10.6 16.7 11:42 7.8 22:52 7.7 0.0 7.2 0.4 16.1 15:10 NNE
3 11.2 14.7 14:25 9.7 21:42 7.1 0.0 0.0 10.9 35.4 11:07 N
4 7.2 13.2 12:39 2.8 23:55 11.1 0.0 0.2 3.4 30.6 09:04 N
5 10.7 13.1 14:49 7.9 08:07 7.6 0.0 0.0 7.4 38.6 12:22 N
6 12.2 16.8 14:57 8.4 20:41 6.1 0.0 0.0 3.1 30.6 08:50 N
7 10.9 17.4 15:19 3.8 08:57 7.4 0.0 13.2 23.0 61.2 12:12 N
8 4.7 7.3 13:28 3.7 09:02 13.6 0.0 1.4 5.9 41.8 12:54 N
9 6.8 10.2 14:12 5.2 22:55 11.3 0.0 0.2 12.9 43.5 12:28 NNE
10 9.5 10.8 12:00 7.7 09:00 5.6 0.0 0.0 19.0 41.8 10:30 S
11 10.3 12.3 15:09 7.6 08:40 8.0 0.0 0.0 1.2 20.9 09:42 NNE
12 8.2 13.1 13:56 5.2 23:58 10.1 0.0 0.0 0.7 19.3 12:03 N
13 11.8 14.6 15:38 9.6 09:00 6.5 0.0 0.0 0.6 14.5 13:04 ENE
14 12.4 14.8 13:16 11.1 08:40 5.8 0.0 0.0 1.0 22.5 10:48 NNE
15 9.9 16.2 15:19 6.3 22:12 8.4 0.0 5.6 13.5 54.7 19:17 N
16 8.9 10.3 13:05 7.6 09:00 9.4 0.0 0.2 14.5 40.2 11:44 N
17 8.1 12.4 13:43 6.2 23:21 10.2 0.0 6.8 9.0 35.4 14:07 N
18 9.2 11.3 15:19 8.0 09:00 9.1 0.0 0.4 7.2 45.1 13:14 NNE
19 9.7 11.9 16:21 7.5 08:41 8.6 0.0 0.4 1.2 22.5 10:18 NNE
20 7.6 12.0 14:43 5.2 00:08 10.7 0.0 0.0 0.2 12.9 10:58 NNE
21 10.1 13.8 13:58 7.7 18:55 8.2 0.0 0.0 4.8 20.9 08:48 N
22 12.0 12.8 12:17 9.8 08:57 6.3 0.0 0.0 3.5 37.0 09:58 N
23 8.9 12.1 14:12 6.8 20:19 9.4 0.0 0.8 16.8 53.1 00:28 N
24 8.8 11.7 15:15 7.8 22:15 9.5 0.0 0.8 17.2 59.5 09:50 N
25 8.1 9.9 13:01 6.7 08:23 10.2 0.0 2.4 18.9 45.1 14:42 N
26 7.9 10.1 13:30 6.7 09:00 10.4 0.0 0.0 8.0 38.6 12:30 N
27 10.1 12.9 15:00 6.6 00:30 5.4 0.0 0.0 3.9 19.3 11:00 S
28 10.7 14.2 13:30 7.2 21:30 5.1 0.0 0.0 12.9 29.0 12:30 S
29 10.4 13.9 12:34 7.8 20:24 7.5 0.0 0.0 1.9 29.0 22:37 NNE
30 10.0 14.8 14:33 7.5 00:20 8.3 0.0 0.0 2.0 30.6 12:04 N
----------------------------------------------------------------------------------
9.7 20.3 1 2.8 4 248.1 0.2 39.6 7.3 61.2 7 NNE
Max >= 27.0: 0
Max <= 0.0: 0
Min <= 0.0: 0
Min <= -18.0: 0
Max Rain: 13.2 on day 7
Days of Rain: 13 (>= 0.2 mm) 5 (>= 2.0 mm) 0 (>= 20.0 mm)
Heat Base: 18.3 Cool Base: 18.3 Method: Integration