V/Λ SELECT: Month and Year
OR > Month
Monthly Climatological Summary for Apr 2021
Name: City: State:
Elevation: 494 m Lat: S 33° 40' 38" Lon: E 138° 56' 13"
Temperature (°C), Rain (mm), Wind Speed (km/h)
Heat Cool Avg
Mean Deg Deg Wind Dom
Day Temp High Time Low Time Days Days Rain Speed High Time Dir
----------------------------------------------------------------------------------
1 20.7 29.9 14:57 10.9 08:06 2.0 4.5 0.0 1.2 19.3 16:06 NNE
2 24.6 30.9 15:48 15.6 08:06 0.1 6.3 0.0 1.3 20.9 14:55 NNE
3 23.7 31.8 17:04 15.9 06:58 0.1 5.7 0.0 1.0 19.3 12:23 N
4 21.6 31.2 14:06 11.8 08:07 1.5 4.8 0.0 1.9 29.0 14:23 N
5 18.5 27.1 14:56 11.2 06:59 1.8 2.0 0.0 2.0 17.7 15:51 NNE
6 17.7 25.7 15:31 8.4 07:15 2.5 1.9 0.0 2.3 17.7 09:58 NNE
7 18.4 27.7 15:31 11.1 01:12 2.8 2.9 0.0 1.3 17.7 14:59 NNE
8 21.5 29.9 14:46 13.9 08:33 1.1 4.3 0.0 5.4 45.1 13:52 N
9 12.4 16.6 14:31 8.3 23:22 5.9 0.0 0.0 2.3 43.5 08:43 N
10 12.2 18.7 13:26 9.1 00:58 6.1 0.0 0.0 9.5 48.3 13:47 N
11 11.0 17.0 15:16 5.9 07:15 7.3 0.0 0.0 2.5 35.4 11:36 NNE
12 14.6 17.6 15:22 10.8 09:00 3.7 0.0 0.0 3.8 51.5 08:51 NNE
13 17.9 23.8 13:16 11.8 07:32 1.6 1.1 0.2 16.2 53.1 11:25 N
14 12.1 18.1 15:03 6.9 22:47 6.2 0.0 0.0 8.5 49.9 12:06 N
15 11.7 18.0 15:10 6.6 01:02 6.6 0.0 0.0 3.9 32.2 11:24 N
16 12.2 17.7 14:22 8.2 22:50 6.0 0.0 0.0 1.4 20.9 16:42 NNE
17 10.6 17.3 14:03 5.3 01:04 7.7 0.0 0.0 2.7 30.6 14:19 N
18 13.4 18.1 14:17 6.8 07:49 4.9 0.0 0.0 2.5 25.7 14:18 N
19 13.0 19.1 14:35 8.4 21:46 5.3 0.0 0.0 3.5 37.0 08:45 N
20 8.5 17.4 10:57 2.1 07:49 9.8 0.0 0.6 5.8 53.1 12:19 N
21 11.6 15.6 15:44 8.2 09:00 6.7 0.0 0.2 3.2 35.4 17:23 N
22 12.6 15.8 14:43 10.4 07:49 5.7 0.0 0.0 8.2 37.0 10:13 N
23 11.2 17.3 15:09 5.2 07:49 7.1 0.0 0.0 2.0 25.7 11:43 N
24 12.8 18.9 14:46 8.1 07:49 5.5 0.0 0.0 0.9 24.1 13:35 N
25 13.5 21.2 14:20 6.7 07:45 5.2 0.4 0.0 1.3 25.7 14:22 N
26 13.9 21.2 14:07 6.1 07:49 4.9 0.5 0.0 1.4 32.2 12:19 N
27 13.1 21.6 14:13 5.3 07:49 5.8 0.7 0.0 1.7 30.6 13:01 N
28 12.5 21.4 14:08 6.2 00:49 6.3 0.5 0.0 1.6 25.7 13:34 N
29 15.0 20.8 14:57 11.2 00:25 3.8 0.4 0.0 1.7 20.9 12:10 N
30 19.9 24.7 14:42 15.4 21:44 0.2 1.8 0.0 2.2 29.0 13:24 N
----------------------------------------------------------------------------------
15.1 31.8 3 2.1 20 134.2 37.8 1.0 3.4 53.1 13 N
Max >= 27.0: 7
Max <= 0.0: 0
Min <= 0.0: 0
Min <= -18.0: 0
Max Rain: 0.6 on day 20
Days of Rain: 3 (>= 0.2 mm) 0 (>= 2.0 mm) 0 (>= 20.0 mm)
Heat Base: 18.3 Cool Base: 18.3 Method: Integration