V/Λ SELECT: Month and Year
OR > Month
Monthly Climatological Summary for Dec 2020
Name: City: State:
Elevation: 494 m Lat: S 33° 40' 38" Lon: E 138° 56' 13"
Temperature (°C), Rain (mm), Wind Speed (km/h)
Heat Cool Avg
Mean Deg Deg Wind Dom
Day Temp High Time Low Time Days Days Rain Speed High Time Dir
----------------------------------------------------------------------------------
1 13.4 19.9 13:54 7.7 03:22 5.0 0.1 0.0 16.0 72.4 13:09 N
2 15.6 22.8 16:47 8.7 06:24 3.7 1.0 0.0 2.2 22.5 09:41 NE
3 20.0 29.5 16:18 10.3 03:24 2.0 3.7 0.0 3.1 29.0 15:32 NNE
4 26.7 31.7 16:17 18.3 09:00 0.0 8.4 0.0 3.8 29.0 01:05 NNE
5 23.6 25.8 09:00 10.3 07:39 0.5 2.9 0.0 2.9 43.5 08:27 N
6 14.0 18.3 16:59 10.5 06:58 4.3 0.0 0.0 25.0 61.2 23:09 N
7 11.1 16.1 15:45 5.3 06:25 7.2 0.0 0.0 16.2 66.0 10:47 N
8 14.8 21.6 16:23 9.5 03:16 4.1 0.6 0.0 2.5 35.4 12:31 NNE
9 18.8 27.5 17:06 10.7 03:18 2.6 3.1 0.0 3.3 29.0 11:51 NNE
10 17.5 24.6 17:15 9.6 06:24 2.4 1.6 0.0 6.9 35.4 01:17 NNE
11 20.5 26.2 16:59 12.6 09:00 0.4 2.5 0.0 7.5 41.8 12:17 ENE
12 27.6 33.0 14:43 21.4 09:00 0.0 9.3 0.0 4.1 40.2 12:42 NE
13 25.4 25.4 09:00 25.4 09:00 0.0 7.1 0.0 1.6 1.6 09:00 E
14 26.7 32.3 15:38 19.5 06:42 0.0 8.4 0.0 2.1 37.0 11:22 NNE
15 23.1 33.6 12:42 15.6 08:07 0.6 5.4 1.4 2.6 38.6 16:37 N
16 19.1 30.1 15:16 12.7 03:15 2.2 3.0 0.0 3.3 37.0 18:05 NNE
17 14.1 21.6 15:34 7.4 03:11 4.7 0.5 0.0 10.5 46.7 13:57 N
18 15.1 22.2 15:55 8.7 06:24 4.0 0.8 0.0 3.3 35.4 14:50 ENE
19 17.7 26.4 17:06 10.3 06:24 2.6 1.9 0.0 2.6 32.2 18:31 ENE
20 21.0 29.1 15:05 14.5 07:58 1.1 3.9 1.2 2.6 29.0 14:02 NE
21 13.0 19.2 16:43 8.7 02:54 5.3 0.0 1.2 8.1 45.1 16:58 N
22 14.1 20.3 15:21 9.1 06:24 4.4 0.2 0.0 6.2 43.5 16:40 NNE
23 16.3 26.0 17:21 9.7 03:29 3.5 1.5 0.0 2.8 40.2 17:56 NE
24 17.8 28.3 17:04 10.0 06:24 3.0 2.5 0.0 3.0 45.1 16:11 ENE
25 21.2 30.9 15:53 11.6 06:24 1.1 4.0 0.0 2.9 41.8 16:08 NE
26 27.4 35.3 15:50 19.7 03:26 0.0 9.1 0.0 3.0 41.8 08:54 N
27 18.2 33.5 12:55 8.5 06:59 4.1 4.0 0.0 13.8 59.5 10:31 NNE
28 13.4 20.8 16:36 7.3 06:24 5.2 0.2 0.0 4.5 43.5 17:47 NE
29 17.3 24.8 17:21 11.7 03:13 2.6 1.6 0.0 3.2 29.0 16:52 ESE
30 19.7 26.8 16:42 13.7 06:41 1.3 2.7 0.0 3.9 25.7 21:23 E
31 21.3 27.8 15:59 14.7 06:42 0.6 3.7 0.0 4.2 30.6 11:25 ESE
----------------------------------------------------------------------------------
18.9 35.3 26 5.3 7 78.5 93.7 3.8 5.8 72.4 1 NNE
Max >= 27.0: 13
Max <= 0.0: 0
Min <= 0.0: 0
Min <= -18.0: 0
Max Rain: 1.4 on day 15
Days of Rain: 3 (>= 0.2 mm) 0 (>= 2.0 mm) 0 (>= 20.0 mm)
Heat Base: 18.3 Cool Base: 18.3 Method: Integration