V/Λ SELECT: Month and Year
OR > Month
Monthly Climatological Summary for Nov 2020
Name: City: State:
Elevation: 494 m Lat: S 33° 40' 38" Lon: E 138° 56' 13"
Temperature (°C), Rain (mm), Wind Speed (km/h)
Heat Cool Avg
Mean Deg Deg Wind Dom
Day Temp High Time Low Time Days Days Rain Speed High Time Dir
----------------------------------------------------------------------------------
1 18.0 22.6 17:30 9.9 09:00 1.3 1.0 0.0 9.2 20.9 11:00 S
2 22.9 27.9 17:00 15.4 03:30 0.2 4.0 0.0 8.8 22.5 17:00 S
3 26.4 31.9 16:30 14.1 09:00 0.1 6.5 0.0 21.5 38.6 11:30 S
4 11.4 15.9 16:30 6.3 03:00 5.9 0.0 0.0 25.7 43.5 10:00 S
5 10.5 14.5 15:27 7.4 02:34 6.8 0.0 0.2 12.2 33.8 16:10 N
6 11.6 19.0 16:19 6.6 01:47 6.7 0.0 0.0 3.3 33.8 16:41 NNE
7 13.4 19.9 16:33 7.1 06:41 5.1 0.2 0.0 4.5 25.7 11:17 NE
8 17.7 24.4 16:41 10.9 01:56 2.5 1.8 0.0 3.4 29.0 14:08 NE
9 24.9 30.9 13:58 16.5 00:10 0.1 6.6 0.0 2.1 22.5 13:08 NNE
10 22.6 32.1 16:48 13.7 02:34 1.3 5.6 0.0 6.6 45.1 21:26 NNE
11 19.7 25.2 15:30 12.4 07:30 1.1 2.2 0.2 19.1 51.5 16:30 S
12 13.7 19.7 17:20 9.8 07:32 4.6 0.0 0.4 11.5 46.7 16:17 N
13 12.7 18.8 16:25 7.2 06:42 5.4 0.0 0.0 6.7 43.5 17:01 N
14 26.3 30.9 15:49 16.9 09:00 0.0 8.0 0.0 9.0 57.9 07:22 N
15 22.3 38.1 16:42 11.3 06:42 2.3 6.1 1.6 14.2 69.2 19:15 N
16 13.4 21.2 15:02 4.9 06:42 5.3 0.4 0.0 9.7 48.3 09:05 N
17 18.7 27.4 17:22 12.6 23:42 2.0 2.4 0.0 1.6 29.0 17:22 NNE
18 24.7 32.6 16:41 18.2 01:45 0.0 6.4 0.0 2.3 32.2 15:11 N
19 22.6 35.3 14:22 11.5 06:41 2.2 6.5 0.0 6.4 40.2 15:55 N
20 22.9 29.8 16:34 17.2 09:00 0.0 4.6 0.0 2.5 22.5 17:03 NNE
21 27.9 34.9 16:45 21.0 09:00 0.0 9.6 0.0 3.7 30.6 22:40 NNE
22 22.5 34.9 11:10 13.1 06:24 1.2 5.4 3.2 10.5 46.7 11:50 N
23 15.0 23.2 15:46 7.3 06:42 4.2 0.9 0.0 5.1 40.2 13:54 NNE
24 20.0 27.3 17:20 13.8 02:52 1.3 3.0 0.0 1.2 25.7 18:57 NNE
25 24.1 33.1 16:07 15.1 06:41 0.5 6.4 0.0 3.0 33.8 17:23 N
26 27.3 35.9 16:31 20.9 00:37 0.0 9.0 0.0 3.2 32.2 08:36 NNE
27 31.0 40.7 15:42 20.7 03:08 0.0 12.7 0.0 3.6 35.4 11:08 N
28 23.4 38.7 10:18 11.9 07:15 2.1 7.2 0.0 18.5 69.2 19:52 N
29 16.7 24.4 16:03 9.9 06:24 3.1 1.4 0.0 3.3 25.7 10:33 NNE
30 25.6 34.3 16:36 13.9 07:37 0.2 7.6 0.8 7.5 59.5 02:43 N
----------------------------------------------------------------------------------
20.3 40.7 27 4.9 16 65.5 125.5 6.4 6.5 69.2 15 NNE
Max >= 27.0: 18
Max <= 0.0: 0
Min <= 0.0: 0
Min <= -18.0: 0
Max Rain: 3.2 on day 22
Days of Rain: 6 (>= 0.2 mm) 1 (>= 2.0 mm) 0 (>= 20.0 mm)
Heat Base: 18.3 Cool Base: 18.3 Method: Integration