V/Λ SELECT: Month and Year
OR > Month
Monthly Climatological Summary for Aug 2020
Name: City: State:
Elevation: 494 m Lat: S 33° 40' 38" Lon: E 138° 56' 13"
Temperature (°C), Rain (mm), Wind Speed (km/h)
Heat Cool Avg
Mean Deg Deg Wind Dom
Day Temp High Time Low Time Days Days Rain Speed High Time Dir
----------------------------------------------------------------------------------
1 10.5 17.3 13:18 6.3 22:49 7.8 0.0 0.0 3.8 35.4 11:30 N
2 11.5 18.3 11:57 5.1 23:09 6.8 0.0 0.0 2.5 25.7 14:29 N
3 9.3 16.6 14:05 4.6 08:24 9.0 0.0 0.0 3.8 24.1 15:57 N
4 5.3 9.6 15:04 2.5 08:23 13.0 0.0 0.0 5.4 22.5 09:19 N
5 5.7 9.2 15:23 2.5 08:23 12.6 0.0 0.0 6.1 29.0 12:14 N
6 5.2 7.8 13:39 3.1 09:00 13.1 0.0 1.0 9.7 37.0 13:59 N
7 4.1 5.7 08:57 3.4 16:49 14.2 0.0 2.4 9.3 33.8 09:57 NE
8 6.9 7.8 13:51 4.9 08:40 11.4 0.0 4.6 1.4 19.3 11:09 NNE
9 8.5 9.9 14:32 5.4 09:00 9.8 0.0 0.0 2.8 22.5 11:23 ENE
10 11.5 15.6 14:56 8.5 09:00 6.8 0.0 0.0 2.9 25.7 15:19 NNE
11 9.7 11.6 08:57 8.8 12:40 8.6 0.0 7.8 15.9 48.3 15:48 N
12 11.7 15.8 15:13 9.7 08:06 6.6 0.0 2.8 10.5 46.7 13:05 N
13 10.0 15.8 15:31 6.8 00:49 8.3 0.0 4.4 5.0 37.0 18:36 N
14 10.1 13.4 13:43 8.4 19:37 8.1 0.0 0.2 7.6 32.2 13:44 N
15 8.8 11.9 13:52 6.8 08:06 9.4 0.0 2.2 7.9 33.8 14:53 N
16 8.3 12.7 14:17 5.1 00:00 10.0 0.0 0.0 2.1 25.7 10:40 N
17 10.7 16.0 13:30 7.5 22:16 7.6 0.0 0.2 9.6 49.9 14:15 N
18 9.9 14.1 15:18 7.7 23:52 8.4 0.0 4.6 23.0 61.2 00:54 N
19 8.2 11.4 14:02 6.9 22:15 10.1 0.0 6.2 23.1 57.9 14:18 N
20 8.1 10.8 15:04 7.0 08:32 10.2 0.0 5.4 23.5 53.1 00:24 N
21 5.6 9.0 10:21 4.0 00:39 12.7 0.0 7.6 21.4 62.8 10:18 N
22 5.9 9.0 13:07 4.1 00:49 12.4 0.0 0.2 14.8 59.5 11:18 N
23 5.5 10.0 14:52 2.6 23:38 12.8 0.0 0.0 5.9 41.8 09:58 N
24 6.0 10.2 11:46 2.2 22:32 12.3 0.0 0.0 1.5 19.3 13:14 N
25 8.8 14.3 15:35 6.2 00:56 9.5 0.0 0.0 3.0 20.9 11:42 ENE
26 10.6 16.7 14:24 5.2 23:43 7.7 0.0 0.0 5.1 20.9 10:17 N
27 10.9 17.1 14:06 5.7 00:08 7.4 0.0 0.0 7.9 38.6 16:05 N
28 11.1 19.5 14:56 5.3 23:35 7.2 0.1 0.0 3.7 20.9 14:56 NNE
29 16.7 21.3 14:43 10.6 08:40 2.1 0.5 0.0 20.5 49.9 11:26 N
30 8.7 12.9 14:05 6.8 23:44 9.6 0.0 1.0 10.6 49.9 15:47 N
31 7.7 12.0 15:45 4.9 23:11 10.6 0.0 0.0 6.1 37.0 07:47 NE
----------------------------------------------------------------------------------
8.8 21.3 29 2.2 24 296.1 0.6 50.6 8.9 62.8 21 NNE
Max >= 27.0: 0
Max <= 0.0: 0
Min <= 0.0: 0
Min <= -18.0: 0
Max Rain: 7.8 on day 11
Days of Rain: 15 (>= 0.2 mm) 10 (>= 2.0 mm) 0 (>= 20.0 mm)
Heat Base: 18.3 Cool Base: 18.3 Method: Integration