V/Λ SELECT: Month and Year
OR > Month
Monthly Climatological Summary for Jul 2020
Name: City: State:
Elevation: 494 m Lat: S 33° 40' 38" Lon: E 138° 56' 13"
Temperature (°C), Rain (mm), Wind Speed (km/h)
Heat Cool Avg
Mean Deg Deg Wind Dom
Day Temp High Time Low Time Days Days Rain Speed High Time Dir
----------------------------------------------------------------------------------
1 12.2 19.6 13:00 6.5 08:57 6.2 0.1 0.0 24.3 62.8 18:03 N
2 6.7 10.9 14:25 4.0 22:47 11.6 0.0 0.0 7.7 46.7 15:50 N
3 7.3 11.1 14:05 5.3 22:23 11.0 0.0 1.2 9.8 48.3 13:43 N
4 8.5 11.1 14:27 6.4 09:00 9.8 0.0 0.0 3.5 37.0 14:09 N
5 7.8 11.4 15:34 5.4 08:41 10.5 0.0 0.0 2.6 24.1 09:16 NNE
6 7.2 9.7 15:00 5.3 19:43 11.1 0.0 0.0 8.6 32.2 23:26 NNE
7 6.0 10.5 14:52 1.2 22:27 12.3 0.0 0.0 4.4 17.7 10:22 NNE
8 7.1 12.6 14:53 0.7 08:24 11.2 0.0 0.0 1.4 16.1 10:04 NE
9 8.2 13.3 15:22 2.1 09:00 10.1 0.0 0.0 1.2 20.9 13:19 NNE
10 9.1 13.5 10:55 6.3 08:57 9.2 0.0 4.6 5.4 37.0 10:50 N
11 6.3 10.3 15:07 4.2 23:07 12.0 0.0 0.2 1.8 25.7 09:08 N
12 5.8 10.3 12:27 2.3 23:54 12.5 0.0 0.0 2.2 29.0 11:40 NNE
13 6.6 13.3 15:06 1.4 08:23 11.7 0.0 0.0 1.4 19.3 10:26 NNE
14 6.9 12.6 14:40 3.1 08:57 11.4 0.0 0.0 0.9 16.1 11:47 NNE
15 7.8 13.3 15:01 3.1 09:00 10.5 0.0 0.0 6.6 25.7 12:15 N
16 8.3 15.4 14:56 4.3 00:32 10.0 0.0 0.0 1.0 22.5 10:14 N
17 11.0 17.1 15:26 5.4 23:21 7.3 0.0 0.0 4.7 35.4 08:35 N
18 9.9 16.1 14:35 5.9 23:14 8.4 0.0 0.0 9.8 45.1 12:56 N
19 8.2 11.9 13:53 4.7 08:23 10.1 0.0 0.0 12.4 64.4 14:02 N
20 7.1 12.0 15:26 3.1 22:19 11.2 0.0 0.0 1.4 22.5 15:32 N
21 7.0 11.1 15:35 5.2 08:23 11.3 0.0 0.0 3.6 17.7 08:32 NNE
22 5.8 10.4 14:55 3.5 00:33 12.5 0.0 0.0 2.2 19.3 09:43 N
23 8.9 14.1 15:34 5.8 09:00 9.4 0.0 0.0 2.4 17.7 09:42 NNE
24 11.0 16.3 15:50 3.1 08:40 7.3 0.0 0.0 2.5 29.0 11:28 N
25 9.8 16.7 13:03 2.3 08:23 8.5 0.0 0.0 1.3 20.9 13:42 NNE
26 9.0 15.3 13:23 4.6 09:00 9.3 0.0 0.0 3.0 25.7 13:54 N
27 6.9 13.7 14:19 3.0 08:26 11.4 0.0 0.0 4.0 35.4 12:21 N
28 6.3 14.9 13:54 1.2 22:04 12.0 0.0 0.0 1.3 25.7 14:33 N
29 10.4 15.7 14:14 3.8 08:23 7.9 0.0 0.0 4.9 32.2 15:21 N
30 10.1 14.8 15:05 7.3 09:00 8.2 0.0 0.0 1.2 16.1 11:54 N
31 9.6 17.6 14:14 4.3 23:35 8.7 0.0 0.0 2.7 25.7 13:00 N
----------------------------------------------------------------------------------
8.2 19.6 1 0.7 8 314.6 0.1 6.0 4.5 64.4 19 NNE
Max >= 27.0: 0
Max <= 0.0: 0
Min <= 0.0: 0
Min <= -18.0: 0
Max Rain: 4.6 on day 10
Days of Rain: 3 (>= 0.2 mm) 1 (>= 2.0 mm) 0 (>= 20.0 mm)
Heat Base: 18.3 Cool Base: 18.3 Method: Integration