V/Λ SELECT: Month and Year
OR > Month
Monthly Climatological Summary for May 2020
Name: City: State:
Elevation: 494 m Lat: S 33° 40' 38" Lon: E 138° 56' 13"
Temperature (°C), Rain (mm), Wind Speed (km/h)
Heat Cool Avg
Mean Deg Deg Wind Dom
Day Temp High Time Low Time Days Days Rain Speed High Time Dir
----------------------------------------------------------------------------------
1 11.1 13.4 15:21 9.1 09:00 7.2 0.0 2.4 26.5 67.6 12:24 N
2 10.8 14.7 15:47 7.9 08:16 7.5 0.0 0.2 12.2 56.3 12:33 N
3 8.1 13.3 15:37 4.6 00:28 10.2 0.0 0.0 1.2 22.5 13:29 NNE
4 9.1 13.3 14:09 6.3 00:35 9.2 0.0 0.0 2.3 19.3 09:46 ENE
5 10.7 17.3 14:08 5.4 23:34 7.6 0.0 0.0 2.8 41.8 07:57 N
6 16.6 19.3 14:26 12.6 09:00 1.7 0.1 0.0 19.7 53.1 22:15 N
7 14.3 20.1 11:19 10.5 07:49 4.2 0.2 0.0 12.5 61.2 12:29 N
8 13.1 16.7 13:53 7.2 07:33 5.2 0.0 0.0 15.0 57.9 07:43 N
9 8.2 12.0 13:32 5.6 07:49 10.1 0.0 0.2 10.6 62.8 10:17 N
10 8.4 12.9 15:46 3.1 07:33 9.9 0.0 0.0 2.4 25.7 12:22 N
11 10.0 15.7 15:19 6.2 23:36 8.3 0.0 0.0 1.8 22.5 08:56 N
12 10.4 15.3 13:17 7.4 20:57 7.9 0.0 0.0 5.0 40.2 09:38 N
13 9.6 12.9 13:43 3.6 07:32 8.6 0.0 0.0 2.9 19.3 12:05 NE
14 6.7 11.6 14:02 1.0 07:33 11.6 0.0 0.0 1.3 17.7 09:21 NNE
15 6.3 12.6 14:14 0.8 07:33 11.9 0.0 0.0 1.1 14.5 10:42 NE
16 9.6 15.8 14:51 3.2 07:32 8.6 0.0 0.0 1.4 16.1 16:28 NNE
17 10.7 15.8 14:28 7.3 21:17 7.6 0.0 0.0 3.6 22.5 14:53 NNE
18 14.1 19.3 14:49 10.0 00:27 4.3 0.1 0.0 4.4 33.8 08:54 N
19 12.9 21.5 13:44 5.8 07:49 5.9 0.5 0.0 20.6 54.7 17:03 N
20 8.4 12.3 14:50 5.5 07:49 9.9 0.0 1.4 13.2 49.9 14:59 N
21 7.7 10.4 13:05 5.7 00:13 10.6 0.0 0.0 3.9 35.4 11:53 NNE
22 10.0 11.1 13:04 7.7 09:00 8.3 0.0 0.6 6.8 35.4 12:16 N
23 9.9 12.6 15:27 8.3 21:59 8.4 0.0 0.0 5.0 37.0 16:39 NNE
24 8.3 10.8 13:24 5.6 08:40 10.0 0.0 0.0 6.5 25.7 12:34 SSE
25 8.3 11.4 14:36 5.9 09:00 10.0 0.0 0.0 2.0 25.7 21:58 E
26 11.0 14.7 15:03 8.8 07:49 7.3 0.0 0.0 3.7 37.0 10:35 N
27 9.5 15.2 14:05 5.8 00:30 8.8 0.0 0.0 4.8 37.0 09:49 N
28 8.1 15.0 12:02 3.3 07:49 10.2 0.0 0.0 1.6 24.1 11:27 N
29 11.0 16.7 13:41 4.4 23:16 7.3 0.0 0.0 7.0 41.8 08:14 N
30 12.0 18.4 13:45 8.6 08:40 6.3 0.0 1.4 15.1 59.5 10:00 N
31 9.5 12.1 15:27 5.8 07:51 8.8 0.0 3.8 21.7 57.9 00:12 N
----------------------------------------------------------------------------------
10.1 21.5 19 0.8 15 253.4 0.9 10.0 7.7 67.6 1 NNE
Max >= 27.0: 0
Max <= 0.0: 0
Min <= 0.0: 0
Min <= -18.0: 0
Max Rain: 3.8 on day 31
Days of Rain: 7 (>= 0.2 mm) 2 (>= 2.0 mm) 0 (>= 20.0 mm)
Heat Base: 18.3 Cool Base: 18.3 Method: Integration