V/Λ SELECT: Month and Year
OR > Month
Monthly Climatological Summary for Apr 2020
Name: City: State:
Elevation: 494 m Lat: S 33° 40' 38" Lon: E 138° 56' 13"
Temperature (°C), Rain (mm), Wind Speed (km/h)
Heat Cool Avg
Mean Deg Deg Wind Dom
Day Temp High Time Low Time Days Days Rain Speed High Time Dir
----------------------------------------------------------------------------------
1 13.7 17.1 14:25 8.6 08:06 4.6 0.0 0.0 4.7 25.7 11:41 NE
2 18.9 24.4 15:41 11.1 09:00 0.9 1.6 0.0 1.7 30.6 16:22 N
3 15.3 24.6 12:34 8.9 23:50 4.6 1.6 10.6 21.1 72.4 17:46 N
4 11.7 14.8 17:03 10.2 01:10 6.9 0.0 0.8 25.4 69.2 15:52 N
5 13.1 15.4 15:10 11.2 07:15 5.2 0.0 0.2 9.4 48.3 10:01 N
6 14.2 16.3 13:27 11.7 08:07 4.1 0.0 0.0 1.5 16.1 13:22 NNE
7 13.8 17.9 12:03 8.7 07:15 4.5 0.0 0.0 1.3 20.9 08:29 NE
8 13.4 17.8 15:51 8.6 07:15 4.9 0.0 0.0 8.7 22.5 09:27 E
9 13.9 20.1 15:33 9.3 23:42 4.6 0.2 0.0 3.0 22.5 10:43 NE
10 17.4 22.1 13:39 12.4 07:49 1.6 0.6 0.0 14.4 46.7 12:05 N
11 11.1 17.5 13:28 7.1 01:05 7.2 0.0 0.0 8.1 48.3 11:58 NNE
12 12.1 16.3 08:55 7.3 07:33 6.2 0.0 0.0 2.3 25.7 09:07 ENE
13 16.5 23.2 14:17 10.6 23:13 3.0 1.2 0.0 1.4 20.9 13:36 NNE
14 21.1 28.6 14:26 16.7 07:32 0.5 3.4 0.0 2.0 29.0 08:57 NNE
15 23.2 27.8 13:33 19.5 20:48 0.0 4.9 0.0 7.4 41.8 11:54 N
16 22.4 22.4 09:00 22.4 09:00 0.0 4.1 0.0 6.4 6.4 09:00 N
17 14.2 22.4 09:00 9.8 07:32 4.4 0.4 0.0 6.3 32.2 13:03 N
18 12.2 16.2 13:23 9.8 07:32 6.1 0.0 0.4 2.8 30.6 12:27 N
19 19.3 22.1 14:47 12.2 09:00 0.4 1.4 0.2 16.0 51.5 23:44 N
20 12.2 18.2 12:55 6.3 07:32 6.1 0.0 0.0 7.1 38.6 11:22 N
21 15.6 22.1 15:27 10.6 07:49 3.5 0.8 0.0 5.9 43.5 11:40 N
22 16.2 23.0 15:09 11.3 00:39 3.3 1.1 0.0 5.8 40.2 13:44 N
23 15.6 21.3 09:53 12.2 07:32 2.8 0.1 22.6 8.6 57.9 10:18 N
24 14.9 20.7 15:53 11.3 23:39 3.6 0.3 0.0 1.2 24.1 09:22 N
25 18.5 26.4 12:16 13.9 08:24 1.7 1.9 10.6 19.3 61.2 00:21 SW
26 12.4 17.6 13:15 8.4 07:32 5.9 0.0 0.2 4.8 41.8 09:09 N
27 13.9 18.3 15:18 11.1 09:00 4.4 0.0 0.0 3.4 22.5 09:56 ENE
28 14.6 15.9 10:50 10.7 08:58 3.7 0.0 3.2 5.4 37.0 11:01 N
29 8.5 12.3 12:24 5.9 07:49 9.8 0.0 1.8 8.2 45.1 12:41 N
30 7.9 11.6 15:07 6.3 00:28 10.4 0.0 0.4 19.1 56.3 14:53 N
----------------------------------------------------------------------------------
14.9 28.6 14 5.9 29 124.9 23.6 51.0 7.8 72.4 3 NNE
Max >= 27.0: 2
Max <= 0.0: 0
Min <= 0.0: 0
Min <= -18.0: 0
Max Rain: 22.6 on day 23
Days of Rain: 11 (>= 0.2 mm) 4 (>= 2.0 mm) 1 (>= 20.0 mm)
Heat Base: 18.3 Cool Base: 18.3 Method: Integration