V/Λ SELECT: Month and Year
OR > Month
Monthly Climatological Summary for Feb 2020
Name: City: State:
Elevation: 494 m Lat: S 33° 40' 38" Lon: E 138° 56' 13"
Temperature (°C), Rain (mm), Wind Speed (km/h)
Heat Cool Avg
Mean Deg Deg Wind Dom
Day Temp High Time Low Time Days Days Rain Speed High Time Dir
----------------------------------------------------------------------------------
1 16.7 23.5 10:35 12.0 07:15 2.4 0.7 16.4 10.7 41.8 17:43 N
2 16.2 21.7 16:05 12.1 02:47 2.7 0.6 0.0 7.9 41.8 12:43 N
3 13.8 18.3 16:43 8.7 07:15 4.5 0.0 0.0 4.4 25.7 10:03 SE
4 15.6 21.7 16:57 10.9 07:15 3.3 0.6 0.0 4.4 25.7 10:33 ESE
5 18.4 25.6 16:39 12.0 03:22 2.0 2.1 0.0 4.5 24.1 09:34 ESE
6 22.7 29.9 16:51 16.4 07:15 0.1 4.5 0.0 5.0 32.2 21:11 ESE
7 22.7 28.4 15:52 18.9 09:00 0.0 4.4 0.0 6.6 32.2 21:49 ESE
8 24.1 29.4 15:46 18.3 07:15 0.0 5.8 0.0 10.8 33.8 14:29 ESE
9 20.4 25.4 16:58 14.9 07:15 0.6 2.7 0.0 6.8 45.1 09:22 E
10 22.6 29.4 15:45 15.2 07:19 0.2 4.6 0.0 8.4 51.5 14:43 N
11 20.3 28.4 15:25 13.8 03:17 1.5 3.5 0.0 10.9 46.7 15:28 NE
12 20.1 26.2 16:47 15.3 09:00 0.6 2.4 0.0 4.3 30.6 14:47 SE
13 24.2 32.5 17:28 17.2 07:46 0.1 5.9 0.0 2.7 35.4 18:21 NNE
14 18.8 23.8 15:00 15.6 08:24 0.9 1.4 0.0 10.6 48.3 14:39 N
16 16.9 17.8 10:14 16.0 09:00 0.1 0.0 0.0 ---- 25.7 10:03 SSE
17 25.3 32.6 16:14 14.9 07:33 0.2 7.2 0.0 5.1 46.7 08:33 N
18 15.4 21.8 15:26 10.0 07:15 3.5 0.6 0.0 16.3 57.9 10:33 N
19 14.6 22.0 17:15 9.3 07:15 4.2 0.6 0.0 4.0 32.2 14:48 E
20 15.2 21.7 17:04 9.2 07:15 3.6 0.5 0.0 6.0 24.1 10:14 E
21 16.2 22.4 17:06 10.7 07:15 3.0 0.9 0.0 4.8 25.7 17:46 ESE
22 19.0 25.1 16:34 13.9 09:00 1.3 2.0 0.0 3.4 20.9 09:03 E
23 24.0 31.6 16:52 19.0 00:15 0.0 5.7 0.0 1.6 32.2 17:33 NE
24 25.3 34.3 16:07 15.8 07:15 0.2 7.2 0.0 2.3 33.8 15:21 N
25 21.6 28.8 16:00 14.4 08:06 0.9 4.3 0.0 9.8 43.5 16:52 N
26 15.6 22.9 14:57 9.8 02:35 3.7 1.0 0.0 6.7 41.8 12:52 N
27 15.6 20.6 16:18 11.9 09:00 3.0 0.3 0.0 8.4 37.0 14:33 NNE
28 17.5 25.0 16:56 11.7 07:32 2.4 1.6 0.0 2.5 24.1 12:20 E
29 21.4 28.8 16:36 14.8 09:00 0.5 3.7 0.0 3.2 33.8 16:25 NNE
----------------------------------------------------------------------------------
19.3 34.3 24 8.7 3 45.5 74.8 16.4 6.4 57.9 18 NE
Max >= 27.0: 11
Max <= 0.0: 0
Min <= 0.0: 0
Min <= -18.0: 0
Max Rain: 16.4 on day 1
Days of Rain: 1 (>= 0.2 mm) 1 (>= 2.0 mm) 0 (>= 20.0 mm)
Heat Base: 18.3 Cool Base: 18.3 Method: Integration