V/Λ SELECT: Month and Year
OR > Month
Monthly Climatological Summary for Nov 2019
Name: City: State:
Elevation: 494 m Lat: S 33° 40' 38" Lon: E 138° 56' 13"
Temperature (°C), Rain (mm), Wind Speed (km/h)
Heat Cool Avg
Mean Deg Deg Wind Dom
Day Temp High Time Low Time Days Days Rain Speed High Time Dir
----------------------------------------------------------------------------------
1 20.7 32.2 16:04 13.4 08:57 2.3 4.7 5.4 10.4 61.2 19:40 NNW
2 16.2 23.0 16:46 10.2 06:41 3.1 1.0 0.4 4.1 33.8 14:01 N
3 12.7 19.2 14:03 8.1 01:19 5.6 0.0 0.6 11.6 57.9 08:58 WNW
4 11.2 17.0 14:57 5.3 06:58 7.1 0.0 0.0 14.6 62.8 16:58 NW
5 15.3 22.0 15:54 9.1 02:22 3.8 0.8 0.0 7.3 43.5 16:01 NNW
6 14.9 22.1 14:54 10.0 02:14 4.2 0.8 0.4 34.1 70.8 15:31 NNW
7 12.9 18.5 15:59 8.6 07:45 5.4 0.0 0.0 29.4 77.2 08:42 N
8 8.8 15.3 15:23 3.1 02:53 9.5 0.0 0.0 14.3 69.2 09:10 W
9 11.5 18.0 16:46 4.7 06:41 6.8 0.0 0.0 9.3 48.3 15:46 N
10 16.7 24.6 16:19 9.4 00:04 3.2 1.6 0.0 3.5 37.0 08:42 N
11 21.4 31.8 15:23 9.4 06:41 2.5 5.6 0.0 19.4 49.9 09:55 WNW
12 10.6 16.7 14:21 6.1 02:59 7.7 0.0 0.0 13.9 57.9 15:28 SW
13 13.1 19.6 15:41 8.3 02:01 5.3 0.1 0.0 9.6 46.7 13:33 WSW
14 14.5 22.4 15:39 9.0 00:20 4.4 0.6 0.0 11.4 45.1 17:06 NNW
15 13.2 21.0 14:16 7.2 02:46 5.4 0.3 0.0 9.3 43.5 15:21 N
16 12.9 22.7 16:25 5.1 06:41 5.8 0.5 0.0 4.1 41.8 16:38 WSW
17 15.8 23.4 08:56 8.2 06:41 3.6 1.1 0.0 2.0 19.3 10:16 NE
18 24.2 31.9 17:25 15.9 02:07 0.4 6.4 0.0 6.6 51.5 14:39 N
19 28.6 34.3 17:22 22.6 06:41 0.0 10.3 0.0 7.2 41.8 15:41 N
20 33.0 40.5 14:31 15.1 08:53 0.2 14.9 0.0 15.2 57.9 13:29 N
21 15.1 21.1 16:24 10.4 06:41 3.6 0.4 0.0 11.4 51.5 11:02 SW
22 15.3 23.7 16:13 8.3 02:17 4.1 1.1 0.0 4.6 38.6 18:51 SW
23 15.2 23.1 15:03 8.2 06:24 3.9 0.8 0.0 5.1 38.6 13:03 SW
24 21.2 28.2 16:51 13.2 02:09 1.0 3.9 0.0 4.7 35.4 15:48 N
25 18.5 32.1 14:28 8.5 06:24 3.8 4.0 0.0 21.2 61.2 15:27 W
26 12.8 18.4 15:49 7.1 06:24 5.5 0.0 0.0 6.1 43.5 13:14 SW
27 18.3 26.3 15:41 9.8 07:15 2.7 2.7 0.0 5.6 35.4 13:20 N
28 18.4 29.1 13:40 9.4 03:03 3.0 3.0 0.0 6.0 46.7 13:58 N
29 15.2 26.3 12:40 8.1 06:25 4.4 1.4 2.2 7.9 49.9 15:06 WSW
30 11.5 16.7 15:57 7.6 00:38 6.8 0.0 0.0 17.2 56.3 16:46 W
----------------------------------------------------------------------------------
16.3 40.5 20 3.1 8 125.1 66.0 9.0 10.9 77.2 7 NW
Max >= 27.0: 8
Max <= 0.0: 0
Min <= 0.0: 0
Min <= -18.0: 0
Max Rain: 5.4 on day 1
Days of Rain: 5 (>= 0.2 mm) 2 (>= 2.0 mm) 0 (>= 20.0 mm)
Heat Base: 18.3 Cool Base: 18.3 Method: Integration