V/Λ SELECT: Month and Year
OR > Month
Monthly Climatological Summary for Jul 2019
Name: City: State:
Elevation: 494 m Lat: S 33° 40' 38" Lon: E 138° 56' 13"
Temperature (°C), Rain (mm), Wind Speed (km/h)
Heat Cool Avg
Mean Deg Deg Wind Dom
Day Temp High Time Low Time Days Days Rain Speed High Time Dir
----------------------------------------------------------------------------------
1 7.4 10.8 12:34 5.2 22:41 10.9 0.0 0.0 5.3 37.0 14:04 N
2 8.3 13.7 15:29 4.8 23:25 10.0 0.0 0.0 1.1 20.9 10:28 N
3 9.4 12.1 15:04 6.2 08:25 8.9 0.0 0.0 6.8 20.9 09:45 NE
4 8.3 11.7 15:28 6.3 00:20 10.0 0.0 0.0 4.3 25.7 11:49 N
5 11.2 16.2 13:41 8.9 00:29 7.1 0.0 0.0 3.1 33.8 08:19 N
6 14.9 18.6 15:13 10.9 08:41 3.4 0.0 2.2 6.2 35.4 10:06 N
7 8.0 13.3 13:14 3.8 00:27 10.3 0.0 0.0 4.1 32.2 14:13 N
8 6.9 12.3 14:02 2.8 08:06 11.4 0.0 0.2 3.6 33.8 13:58 N
9 8.7 13.6 13:35 5.9 09:00 9.6 0.0 0.0 1.6 32.2 08:41 N
10 11.0 14.8 14:20 8.7 08:06 7.3 0.0 13.2 24.1 74.0 14:46 N
11 10.3 12.1 14:19 9.3 09:00 8.0 0.0 2.8 27.1 59.5 12:26 N
12 7.2 11.2 13:25 3.8 08:06 11.1 0.0 4.8 26.9 69.2 13:29 N
13 5.8 9.4 13:01 3.6 23:32 12.5 0.0 0.2 6.1 46.7 12:06 N
14 8.0 9.4 15:34 6.5 09:00 10.3 0.0 0.6 15.2 53.1 22:23 N
15 8.3 10.4 13:48 4.6 08:06 10.0 0.0 0.2 5.9 37.0 13:51 N
16 9.6 12.8 13:29 6.8 09:00 8.7 0.0 0.0 5.0 22.5 23:31 N
17 7.6 9.0 15:11 6.8 09:50 10.7 0.0 0.4 10.0 45.1 11:12 N
18 7.6 11.3 14:39 3.2 07:49 10.7 0.0 0.0 5.4 40.2 14:04 N
19 10.2 16.2 14:06 7.0 21:46 8.1 0.0 0.0 2.3 33.8 08:49 N
20 12.7 16.4 14:59 6.3 08:06 5.6 0.0 0.0 17.9 49.9 18:56 N
21 7.6 12.2 15:18 5.1 22:11 10.7 0.0 0.2 4.8 38.6 12:21 N
22 11.1 15.1 14:25 8.3 08:40 7.2 0.0 0.0 23.3 54.7 14:46 N
23 10.6 12.8 14:37 8.5 09:00 7.7 0.0 0.8 23.1 62.8 11:35 N
24 8.4 12.6 13:22 4.4 07:50 9.9 0.0 0.2 3.6 32.2 12:47 N
25 10.9 14.0 13:30 7.3 09:00 7.4 0.0 0.0 3.5 29.0 11:16 N
26 8.6 14.3 12:54 3.6 08:07 9.7 0.0 0.0 3.3 32.2 12:27 N
27 9.7 13.4 15:11 5.3 09:00 8.6 0.0 0.0 2.4 29.0 13:37 N
28 12.4 17.3 14:46 8.6 07:49 5.9 0.0 0.0 2.0 29.0 11:42 N
29 7.8 12.6 14:22 4.6 00:28 10.5 0.0 0.0 1.2 20.9 14:34 N
30 6.2 11.7 13:36 2.4 00:29 12.1 0.0 0.0 1.7 19.3 11:46 N
31 6.7 9.4 15:31 4.4 19:40 11.6 0.0 0.0 2.3 20.9 21:21 N
----------------------------------------------------------------------------------
9.1 18.6 6 2.4 30 285.9 0.0 25.8 8.2 74.0 10 N
Max >= 27.0: 0
Max <= 0.0: 0
Min <= 0.0: 0
Min <= -18.0: 0
Max Rain: 13.2 on day 10
Days of Rain: 12 (>= 0.2 mm) 4 (>= 2.0 mm) 0 (>= 20.0 mm)
Heat Base: 18.3 Cool Base: 18.3 Method: Integration