V/Λ SELECT: Month and Year
OR > Month
Monthly Climatological Summary for Feb 2019
Name: City: State:
Elevation: 494 m Lat: S 33° 40' 38" Lon: E 138° 56' 13"
Temperature (°C), Rain (mm), Wind Speed (km/h)
Heat Cool Avg
Mean Deg Deg Wind Dom
Day Temp High Time Low Time Days Days Rain Speed High Time Dir
----------------------------------------------------------------------------------
1 20.8 26.8 18:13 13.6 09:00 0.4 2.9 0.0 5.2 32.2 12:34 N
2 30.1 36.2 17:42 21.5 09:00 0.0 11.8 0.0 4.8 41.8 14:59 N
3 27.0 39.3 15:13 16.3 07:15 0.1 8.8 0.0 10.1 61.2 18:57 N
4 20.0 26.2 17:04 13.2 07:32 1.0 2.7 0.0 10.4 35.4 12:47 N
5 23.1 29.4 17:43 15.7 09:00 0.1 4.9 0.0 5.5 29.0 09:53 N
6 21.5 28.0 14:36 17.4 07:15 0.1 3.3 3.4 3.4 22.5 16:26 N
7 21.2 30.3 14:12 13.6 07:16 1.3 4.3 0.0 7.8 38.6 19:49 N
8 16.1 22.2 16:44 11.8 02:51 2.9 0.7 0.0 17.2 49.9 17:36 N
9 14.6 20.7 17:29 9.8 01:32 3.9 0.2 0.6 11.1 53.1 13:00 N
10 17.3 24.1 17:38 13.2 03:09 2.2 1.2 0.0 6.5 35.4 18:06 N
11 19.2 24.6 18:14 14.7 08:58 1.1 2.0 0.2 15.5 57.9 15:39 N
12 12.4 19.1 11:34 7.7 07:32 5.9 0.0 0.2 14.9 75.6 11:31 N
13 13.6 19.7 16:43 7.8 07:15 4.8 0.1 0.0 5.6 38.6 12:30 N
14 17.8 24.8 16:05 11.3 07:15 2.3 1.7 0.0 4.5 24.1 15:36 N
15 21.5 28.7 18:03 15.9 09:00 0.5 3.7 0.0 3.3 20.9 10:32 N
16 24.0 31.5 17:31 17.0 02:33 0.1 5.7 0.0 3.6 40.2 15:31 N
17 27.5 35.6 16:47 18.7 08:53 0.0 9.2 0.0 2.9 32.2 15:20 N
18 16.9 24.1 15:06 10.7 02:55 3.0 1.6 0.0 8.5 46.7 16:58 N
19 16.2 23.1 16:25 9.4 07:15 3.1 1.0 0.0 4.2 38.6 15:03 N
20 17.1 24.3 15:39 12.3 02:56 2.6 1.4 0.0 5.0 33.8 15:52 N
21 18.7 26.6 16:32 12.6 07:15 1.8 2.2 0.0 4.4 22.5 18:37 N
22 22.4 29.2 16:19 15.8 07:15 0.1 4.1 0.0 8.6 25.7 11:53 N
23 23.3 30.3 17:05 14.7 07:16 0.3 5.3 0.0 5.7 29.0 14:08 N
24 28.7 34.2 16:52 21.0 07:32 0.0 10.4 0.0 5.2 30.6 10:24 N
25 28.7 33.9 16:12 18.1 07:32 0.0 10.4 0.0 5.3 25.7 17:28 N
26 27.1 34.1 15:23 17.0 07:20 0.0 8.8 0.0 4.3 24.1 18:15 N
27 28.6 35.4 15:14 22.2 01:01 0.0 10.3 0.0 3.9 30.6 08:15 N
28 29.6 36.8 13:19 23.2 01:51 0.0 11.3 0.0 3.3 33.8 09:06 N
----------------------------------------------------------------------------------
21.6 39.3 3 7.7 12 37.6 130.0 4.4 6.8 75.6 12 N
Max >= 27.0: 15
Max <= 0.0: 0
Min <= 0.0: 0
Min <= -18.0: 0
Max Rain: 3.4 on day 6
Days of Rain: 4 (>= 0.2 mm) 1 (>= 2.0 mm) 0 (>= 20.0 mm)
Heat Base: 18.3 Cool Base: 18.3 Method: Integration