V/Λ SELECT: Month and Year
OR > Month
Monthly Climatological Summary for Aug 2018
Name: City: State:
Elevation: 494 m Lat: S 33° 40' 38" Lon: E 138° 56' 13"
Temperature (°C), Rain (mm), Wind Speed (km/h)
Heat Cool Avg
Mean Deg Deg Wind Dom
Day Temp High Time Low Time Days Days Rain Speed High Time Dir
----------------------------------------------------------------------------------
1 12.0 15.4 15:29 8.2 09:00 6.3 0.0 0.0 5.4 51.5 07:41 N
2 14.2 18.3 12:28 6.6 09:30 4.2 0.0 0.4 18.1 61.2 10:44 N
3 8.2 10.2 09:00 6.6 09:30 7.0 0.0 0.6 36.3 66.0 16:00 S
4 11.9 15.0 14:00 9.2 21:00 4.6 0.0 0.0 38.8 56.3 09:00 S
5 9.5 14.7 11:30 5.1 08:37 5.9 0.0 2.4 48.4 64.4 10:00 S
6 6.5 8.8 14:48 5.2 09:02 11.8 0.0 1.6 20.5 62.8 11:23 N
7 8.6 10.3 15:29 6.2 09:03 9.7 0.0 0.0 21.7 57.9 00:01 N
8 7.5 12.8 14:38 3.9 00:52 10.8 0.0 0.0 7.9 49.9 09:21 N
9 12.9 17.1 14:38 8.2 21:12 5.4 0.0 0.0 22.2 56.3 08:04 N
10 10.2 17.7 11:52 5.2 07:49 8.1 0.0 11.4 18.9 70.8 09:57 N
11 5.3 9.3 13:11 3.7 00:36 13.0 0.0 2.4 13.2 64.4 14:05 N
12 7.8 10.6 15:21 6.2 09:00 10.5 0.0 0.4 11.1 37.0 14:20 N
13 6.2 10.3 14:03 2.8 00:48 12.1 0.0 0.2 3.6 32.2 08:57 N
14 12.2 16.0 14:30 9.4 09:00 5.9 0.0 0.0 17.6 49.9 15:30 NNE
15 9.4 13.6 13:55 6.6 07:49 8.9 0.0 0.2 15.1 56.3 15:16 N
16 7.3 10.8 14:30 3.7 07:32 11.0 0.0 0.0 8.2 37.0 15:40 N
17 10.3 14.3 15:35 6.4 07:50 8.0 0.0 1.0 16.3 56.3 08:49 N
18 6.4 10.7 13:40 4.2 07:33 11.9 0.0 0.2 18.6 69.2 10:53 N
19 4.9 9.9 13:57 -1.5 07:32 13.4 0.0 0.0 5.5 41.8 12:03 N
20 4.8 10.4 13:22 0.4 07:32 13.5 0.0 0.0 3.1 29.0 14:36 N
21 6.6 13.8 14:37 1.0 07:34 11.7 0.0 0.0 4.3 33.8 10:19 N
22 14.0 17.9 14:05 9.2 08:47 4.3 0.0 0.0 10.9 35.4 00:42 N
23 12.1 16.5 13:55 8.5 07:32 6.2 0.0 0.0 3.7 32.2 18:45 N
24 11.0 16.9 14:28 5.0 07:32 7.3 0.0 0.0 7.7 41.8 11:59 N
25 8.6 16.3 14:18 2.0 07:32 9.7 0.0 0.0 2.6 22.5 11:11 N
26 8.4 15.6 14:25 2.4 00:48 9.7 0.0 0.0 4.0 30.6 12:33 N
27 8.7 12.7 16:07 0.0 09:02 9.5 0.0 0.0 4.3 24.1 09:18 N
28 12.5 17.1 14:38 7.8 09:00 5.8 0.0 0.0 5.6 20.9 22:35 N
29 18.3 21.4 12:33 13.4 09:00 0.6 0.6 0.0 14.6 56.3 20:31 N
30 10.6 18.4 11:46 7.4 21:31 7.7 0.0 3.2 12.5 70.8 14:25 N
31 9.7 12.9 15:02 7.9 08:06 8.6 0.0 8.6 23.1 69.2 13:36 N
----------------------------------------------------------------------------------
9.6 21.4 29 -1.5 19 263.1 0.6 32.6 11.9 70.8 10 NNE
Max >= 27.0: 0
Max <= 0.0: 0
Min <= 0.0: 2
Min <= -18.0: 0
Max Rain: 11.4 on day 10
Days of Rain: 13 (>= 0.2 mm) 5 (>= 2.0 mm) 0 (>= 20.0 mm)
Heat Base: 18.3 Cool Base: 18.3 Method: Integration