V/Λ SELECT: Month and Year
OR > Month
Monthly Climatological Summary for Jun 2018
Name: City: State:
Elevation: 494 m Lat: S 33° 40' 38" Lon: E 138° 56' 13"
Temperature (°C), Rain (mm), Wind Speed (km/h)
Heat Cool Avg
Mean Deg Deg Wind Dom
Day Temp High Time Low Time Days Days Rain Speed High Time Dir
----------------------------------------------------------------------------------
1 9.3 15.5 13:36 1.7 07:49 9.0 0.0 0.0 1.4 24.1 10:55 N
2 7.9 17.6 12:57 1.3 08:07 10.4 0.0 0.0 1.3 17.7 13:01 N
3 10.0 17.6 15:07 2.3 08:08 8.3 0.0 0.0 1.8 20.9 13:10 N
4 7.5 15.9 14:22 2.1 23:54 10.8 0.0 0.0 2.4 30.6 14:12 N
5 7.7 13.3 14:25 4.1 00:25 10.6 0.0 0.0 1.7 17.7 13:05 N
6 12.6 15.6 15:38 10.6 09:00 5.7 0.0 0.0 9.1 30.6 21:45 N
7 12.0 18.1 13:37 8.8 22:59 6.3 0.0 3.4 22.5 49.9 14:00 N
8 10.7 12.3 13:23 9.1 09:00 7.6 0.0 2.0 4.9 32.2 15:18 N
9 11.3 13.7 14:06 10.1 09:00 7.0 0.0 0.0 3.2 19.3 20:42 N
10 12.4 14.6 08:53 10.3 09:00 5.9 0.0 0.0 10.9 43.5 08:44 N
11 12.2 18.5 13:20 8.4 08:40 6.1 0.0 0.2 22.2 53.1 23:04 N
12 8.7 11.9 13:46 7.7 21:40 9.6 0.0 0.2 7.5 43.5 15:00 N
13 8.5 12.2 14:24 6.6 20:59 9.8 0.0 0.2 13.7 51.5 13:19 N
14 9.7 12.6 13:21 7.6 08:23 8.5 0.0 6.6 22.6 67.6 13:14 N
15 8.5 11.1 12:52 6.1 08:24 9.8 0.0 1.4 20.7 59.5 10:46 N
16 6.0 9.6 13:57 4.3 23:52 12.3 0.0 2.2 18.1 59.5 13:36 N
17 7.1 9.6 14:43 5.6 08:40 11.2 0.0 0.4 10.1 45.1 12:43 N
18 6.1 8.9 14:10 0.2 08:23 12.2 0.0 0.0 3.5 19.3 15:03 N
19 6.4 9.7 11:56 2.8 09:00 11.9 0.0 0.0 2.6 19.3 11:48 N
20 4.6 12.5 15:16 0.1 00:02 13.7 0.0 0.0 1.5 22.5 11:54 N
21 4.8 12.4 13:18 -0.2 00:24 13.5 0.0 0.0 0.5 14.5 12:18 N
22 5.9 13.2 13:39 2.2 21:30 12.4 0.0 0.0 2.0 24.1 14:55 N
23 8.2 14.4 13:57 4.1 00:01 10.1 0.0 0.0 0.5 14.5 15:09 N
24 8.6 12.1 13:16 3.7 08:23 9.7 0.0 0.0 2.7 16.1 14:28 N
25 5.3 9.3 13:46 -0.1 08:24 13.0 0.0 0.0 3.6 22.5 09:43 N
26 3.1 9.4 12:53 -0.7 00:36 15.2 0.0 0.0 2.4 17.7 10:48 N
27 4.3 11.1 15:21 0.2 00:21 14.0 0.0 0.0 0.6 12.9 11:06 N
28 6.2 12.9 14:11 2.6 22:12 12.1 0.0 0.0 2.1 29.0 12:14 N
29 7.8 13.7 13:00 5.0 08:23 10.5 0.0 1.8 14.6 51.5 12:45 N
30 4.0 11.0 14:39 -0.4 08:23 14.3 0.0 0.0 4.1 33.8 13:33 N
----------------------------------------------------------------------------------
7.9 18.5 11 -0.7 26 311.5 0.0 18.4 7.1 67.6 14 N
Max >= 27.0: 0
Max <= 0.0: 0
Min <= 0.0: 4
Min <= -18.0: 0
Max Rain: 6.6 on day 14
Days of Rain: 10 (>= 0.2 mm) 4 (>= 2.0 mm) 0 (>= 20.0 mm)
Heat Base: 18.3 Cool Base: 18.3 Method: Integration