V/Λ SELECT: Month and Year
OR > Month
Monthly Climatological Summary for May 2018
Name: City: State:
Elevation: 494 m Lat: S 33° 40' 38" Lon: E 138° 56' 13"
Temperature (°C), Rain (mm), Wind Speed (km/h)
Heat Cool Avg
Mean Deg Deg Wind Dom
Day Temp High Time Low Time Days Days Rain Speed High Time Dir
----------------------------------------------------------------------------------
1 16.1 20.8 13:56 11.3 07:32 2.7 0.5 0.0 3.3 33.8 09:06 N
2 19.3 23.7 15:10 15.4 08:58 0.5 1.5 4.4 9.4 40.2 08:46 N
3 10.7 15.4 09:00 8.7 07:32 7.6 0.0 9.0 17.6 56.3 18:25 N
4 10.6 15.2 14:49 7.0 07:32 7.7 0.0 0.0 7.5 48.3 12:58 N
5 10.1 17.3 13:34 5.4 00:44 8.2 0.0 0.0 1.9 24.1 12:57 N
6 13.8 19.8 14:23 9.5 23:52 4.6 0.2 0.0 3.7 29.0 08:36 N
7 13.5 19.4 15:20 9.9 21:20 4.9 0.1 0.0 7.2 54.7 10:52 N
8 10.8 19.4 15:06 4.5 07:32 7.6 0.1 0.0 1.4 17.7 14:24 N
9 12.1 16.4 13:09 7.7 07:32 6.2 0.0 0.8 11.3 46.7 08:58 N
10 8.3 12.7 13:36 5.8 07:32 10.0 0.0 1.6 16.9 72.4 13:26 N
11 8.0 12.1 13:59 5.7 00:33 10.3 0.0 0.0 7.8 43.5 10:05 N
12 10.8 14.9 15:54 9.1 20:18 7.5 0.0 0.0 8.0 32.2 09:21 N
13 9.3 15.6 15:27 5.8 22:12 8.9 0.0 0.0 2.7 25.7 10:01 N
14 9.1 16.4 14:33 5.2 00:37 9.2 0.0 0.0 2.0 25.7 13:21 N
15 10.6 15.1 13:57 3.7 07:32 7.7 0.0 0.6 8.1 30.6 17:14 N
16 8.1 12.3 14:41 6.1 00:03 10.2 0.0 0.0 7.5 24.1 13:17 N
17 10.1 12.7 14:46 7.6 09:00 8.2 0.0 0.0 6.5 29.0 13:34 N
18 11.1 15.2 14:30 8.8 23:12 7.2 0.0 2.4 3.2 37.0 11:50 N
19 8.9 15.8 14:04 4.8 00:19 9.4 0.0 0.0 1.9 29.0 14:38 N
20 9.6 13.4 15:56 6.1 21:50 8.7 0.0 0.0 7.2 33.8 08:33 N
21 12.1 15.3 15:05 10.9 09:00 6.2 0.0 0.0 13.7 43.5 14:26 N
22 11.6 12.9 12:48 11.1 23:56 6.7 0.0 0.0 5.0 33.8 10:46 N
23 11.8 15.0 15:33 9.4 08:06 6.5 0.0 0.0 5.7 20.9 19:29 N
24 9.8 13.5 14:00 6.9 07:49 8.5 0.0 0.0 5.1 30.6 12:17 N
25 12.6 16.1 15:26 10.4 09:00 5.7 0.0 0.0 7.0 22.5 12:53 N
26 17.5 20.9 13:55 13.4 09:00 1.1 0.3 0.0 4.7 29.0 10:53 N
27 15.2 20.7 11:08 12.6 15:34 3.2 0.2 2.2 12.8 37.0 17:43 N
28 15.1 21.7 14:10 8.3 07:49 3.7 0.6 1.4 21.5 48.3 11:07 N
29 8.1 13.2 13:18 3.7 07:49 10.2 0.0 0.6 12.6 62.8 13:25 N
30 8.4 12.9 15:13 3.7 07:49 9.7 0.0 0.0 5.2 35.4 13:22 N
31 9.2 13.9 14:30 6.3 00:07 9.1 0.0 0.0 2.1 17.7 10:46 N
----------------------------------------------------------------------------------
11.4 23.7 2 3.7 15 217.9 3.5 23.0 7.4 72.4 10 N
Max >= 27.0: 0
Max <= 0.0: 0
Min <= 0.0: 0
Min <= -18.0: 0
Max Rain: 9.0 on day 3
Days of Rain: 9 (>= 0.2 mm) 4 (>= 2.0 mm) 0 (>= 20.0 mm)
Heat Base: 18.3 Cool Base: 18.3 Method: Integration