V/Λ SELECT: Month and Year
OR > Month
Monthly Climatological Summary for Feb 2018
Name: City: State:
Elevation: 494 m Lat: S 33° 40' 38" Lon: E 138° 56' 13"
Temperature (°C), Rain (mm), Wind Speed (km/h)
Heat Cool Avg
Mean Deg Deg Wind Dom
Day Temp High Time Low Time Days Days Rain Speed High Time Dir
----------------------------------------------------------------------------------
1 15.9 19.9 19:07 11.2 09:00 2.5 0.2 0.0 6.7 32.2 18:03 N
2 20.6 26.8 16:56 14.4 09:00 0.5 2.8 0.0 8.3 32.2 13:32 N
3 23.2 29.1 17:07 17.3 07:15 0.0 4.9 0.0 5.2 30.6 14:30 N
4 25.9 32.1 17:46 19.2 07:32 0.0 7.6 0.0 2.3 24.1 13:38 N
5 27.0 35.3 16:59 20.2 03:11 0.0 8.7 0.0 3.6 38.6 19:41 N
6 28.9 36.2 15:50 23.4 03:04 0.0 10.6 0.0 4.0 41.8 18:59 N
7 30.9 38.4 15:39 20.5 07:16 0.0 12.6 0.0 3.3 37.0 13:58 N
8 31.1 38.6 16:11 22.2 07:15 0.0 12.8 0.0 7.9 48.3 11:51 N
9 31.1 38.5 16:05 24.8 02:29 0.0 12.9 0.0 5.4 46.7 14:46 N
10 23.1 33.2 13:20 14.3 08:06 0.8 5.6 0.0 11.4 53.1 15:12 N
11 17.7 27.9 16:26 10.9 03:10 2.9 2.3 0.0 5.0 43.5 17:46 N
12 16.8 23.2 17:58 12.2 07:16 2.5 1.1 0.0 4.0 19.3 09:27 N
13 21.6 29.9 16:05 15.9 02:48 0.6 4.0 0.0 3.9 35.4 15:21 N
14 17.6 25.4 15:44 7.8 07:15 2.8 2.0 0.0 9.1 56.3 11:37 N
15 18.1 27.1 14:04 10.1 07:15 2.7 2.5 0.0 5.4 38.6 18:12 N
16 19.5 26.6 17:13 12.3 07:30 1.0 2.0 0.0 4.6 35.4 19:00 S
17 24.1 31.1 16:30 16.1 09:00 0.1 4.9 0.0 15.0 30.6 12:30 S
18 19.3 31.8 12:00 14.5 03:14 1.3 2.3 3.6 5.7 46.7 13:00 S
19 21.3 26.6 16:57 16.6 07:15 0.1 3.1 0.0 9.6 37.0 16:46 N
20 25.6 31.1 16:14 19.5 09:00 0.0 7.3 0.0 3.6 29.0 09:00 N
21 24.9 30.2 13:34 20.9 02:30 0.0 5.1 0.0 8.7 32.2 17:30 S
22 27.3 32.9 15:37 22.8 09:00 0.0 8.8 0.0 5.6 41.8 08:54 NE
23 25.4 36.3 13:04 17.1 08:41 0.3 7.4 0.0 20.7 59.5 16:02 N
24 17.6 23.1 14:03 13.0 08:42 1.9 1.2 0.0 7.8 41.8 14:45 N
25 15.0 22.4 16:45 8.7 07:15 4.1 0.7 0.0 4.8 32.2 14:09 N
26 20.8 26.8 16:54 13.2 09:00 0.4 2.9 0.0 3.8 24.1 08:53 N
27 25.7 35.1 17:27 14.7 07:32 0.2 7.5 0.0 6.3 45.1 08:46 N
28 16.8 24.1 15:34 10.9 07:32 3.0 1.5 0.0 10.3 51.5 11:55 N
----------------------------------------------------------------------------------
22.6 38.6 8 7.8 14 27.7 145.3 3.6 6.6 59.5 23 NNE
Max >= 27.0: 18
Max <= 0.0: 0
Min <= 0.0: 0
Min <= -18.0: 0
Max Rain: 3.6 on day 18
Days of Rain: 1 (>= 0.2 mm) 1 (>= 2.0 mm) 0 (>= 20.0 mm)
Heat Base: 18.3 Cool Base: 18.3 Method: Integration