V/Λ SELECT: Month and Year
OR > Month
Monthly Climatological Summary for Dec 2017
Name: City: State:
Elevation: 494 m Lat: S 33° 40' 38" Lon: E 138° 56' 13"
Temperature (°C), Rain (mm), Wind Speed (km/h)
Heat Cool Avg
Mean Deg Deg Wind Dom
Day Temp High Time Low Time Days Days Rain Speed High Time Dir
----------------------------------------------------------------------------------
1 14.0 19.5 12:35 10.3 07:51 4.4 0.0 0.0 8.3 35.4 17:30 N
2 12.5 15.8 14:16 10.3 02:20 5.8 0.0 0.0 10.9 48.3 16:33 N
3 11.8 16.4 15:50 8.4 01:56 6.5 0.0 0.0 7.2 51.5 15:21 N
4 13.1 18.3 18:24 8.6 06:24 5.2 0.0 0.0 4.5 32.2 18:25 N
5 15.6 22.3 17:09 10.2 06:25 3.3 0.6 0.0 3.0 40.2 17:57 N
6 17.0 25.2 14:29 9.7 06:42 3.3 2.1 1.2 5.9 45.1 15:58 N
7 10.7 17.2 16:20 5.5 06:24 7.6 0.0 9.8 5.4 46.7 16:44 N
8 13.2 19.0 16:53 8.3 03:10 5.1 0.0 0.0 4.9 37.0 11:37 N
9 17.6 24.9 16:31 11.3 03:30 2.5 1.8 0.0 2.8 22.5 13:26 N
10 20.3 29.1 15:28 13.1 03:30 1.7 3.7 0.0 4.3 35.4 16:38 N
11 22.8 30.8 15:46 15.8 03:08 0.6 5.1 0.0 4.5 37.0 14:23 N
12 27.7 35.1 16:03 18.2 01:43 0.0 9.4 0.0 2.7 40.2 08:53 N
13 25.4 38.1 13:49 15.6 07:00 0.2 7.3 0.0 12.6 51.5 14:40 N
14 16.5 22.3 18:43 11.8 02:23 2.5 0.7 0.0 4.4 30.6 15:23 N
15 19.2 28.4 16:20 12.4 06:24 1.9 2.7 0.0 5.7 41.8 19:14 N
16 21.4 30.4 17:00 13.9 03:17 1.0 4.1 0.0 4.8 25.7 08:36 N
17 27.2 32.3 15:32 22.0 09:12 0.0 8.9 0.0 4.5 25.7 09:40 N
18 26.6 34.8 19:34 19.4 02:18 0.0 8.3 1.8 9.5 59.5 23:35 N
19 20.3 28.4 16:09 13.1 06:24 1.7 3.7 0.0 16.6 53.1 12:53 N
20 15.5 22.4 16:12 8.7 06:24 3.5 0.7 0.0 10.2 48.3 11:19 N
21 18.5 28.1 17:01 11.7 06:24 2.1 2.4 0.0 4.0 41.8 17:14 N
22 23.0 31.9 15:19 14.4 02:25 0.9 5.2 0.0 4.8 41.8 15:32 N
23 26.8 36.3 15:23 14.2 08:08 0.4 8.9 0.0 8.6 41.8 17:02 N
24 17.1 26.0 16:43 9.8 06:41 3.0 1.8 0.0 7.8 32.2 17:35 N
25 19.8 26.6 17:01 13.8 09:00 0.9 2.4 0.0 7.1 33.8 11:44 N
26 27.1 33.3 17:43 19.7 09:00 0.0 8.8 0.0 5.8 30.6 07:43 N
27 27.7 37.3 13:53 20.4 02:48 0.0 9.4 0.0 5.5 43.5 18:03 N
28 23.6 30.8 14:58 17.7 07:33 0.0 5.3 0.0 3.5 30.6 20:05 N
29 18.0 22.4 17:45 11.9 06:24 1.7 1.4 0.2 8.9 48.3 08:31 N
30 16.8 23.8 16:24 10.8 03:37 2.8 1.4 0.0 8.9 48.3 09:27 N
31 18.4 26.9 15:17 11.8 01:54 2.4 2.6 0.0 6.3 37.0 16:17 N
----------------------------------------------------------------------------------
19.5 38.1 13 5.5 7 71.0 108.7 13.0 6.6 59.5 18 N
Max >= 27.0: 15
Max <= 0.0: 0
Min <= 0.0: 0
Min <= -18.0: 0
Max Rain: 9.8 on day 7
Days of Rain: 4 (>= 0.2 mm) 1 (>= 2.0 mm) 0 (>= 20.0 mm)
Heat Base: 18.3 Cool Base: 18.3 Method: Integration