V/Λ SELECT: Month and Year
OR > Month
Monthly Climatological Summary for Nov 2017
Name: City: State:
Elevation: 494 m Lat: S 33° 40' 38" Lon: E 138° 56' 13"
Temperature (°C), Rain (mm), Wind Speed (km/h)
Heat Cool Avg
Mean Deg Deg Wind Dom
Day Temp High Time Low Time Days Days Rain Speed High Time Dir
----------------------------------------------------------------------------------
1 14.9 22.5 16:02 7.7 06:42 4.3 0.8 0.0 3.7 35.4 13:31 N
2 16.0 24.2 14:35 10.1 08:15 3.7 1.4 0.0 5.5 41.8 15:14 N
3 9.1 12.1 12:35 5.0 06:42 9.2 0.0 0.0 7.0 32.2 08:08 N
4 12.6 18.2 17:01 7.4 06:41 5.7 0.0 0.0 9.7 41.8 11:34 N
5 15.1 23.0 15:00 7.6 06:41 4.0 0.8 0.0 8.0 41.8 22:26 N
6 11.6 19.2 16:11 3.6 06:58 6.8 0.0 0.0 6.0 37.0 16:17 N
7 12.6 19.7 16:47 6.8 06:41 5.8 0.1 0.0 7.4 25.7 09:04 N
8 16.2 23.0 16:53 10.2 06:58 3.0 0.9 0.0 3.6 24.1 00:36 N
9 21.9 27.6 14:16 16.0 09:00 0.2 3.8 0.0 5.8 25.7 11:36 N
10 24.5 30.4 12:10 20.5 01:59 0.0 6.2 0.0 1.9 24.1 10:16 N
11 24.6 28.0 17:06 21.5 07:17 0.0 6.3 0.0 5.9 22.5 10:33 N
12 24.9 31.9 14:11 15.3 06:41 0.1 6.8 0.0 2.1 29.0 13:40 NNE
13 25.7 32.4 16:35 16.8 02:19 0.3 7.7 0.0 4.1 35.4 11:34 NNE
14 23.3 34.1 13:18 16.5 07:32 0.3 5.3 0.0 8.8 43.5 12:58 NNE
15 13.3 17.4 13:25 10.0 06:58 5.0 0.0 0.0 15.2 53.1 14:46 N
16 12.0 16.3 14:47 8.6 06:58 6.3 0.0 0.0 11.0 43.5 12:04 N
17 14.0 18.9 14:37 10.0 09:00 4.3 0.0 0.0 9.0 48.3 15:18 N
18 17.0 22.6 16:02 12.6 02:13 2.3 0.9 0.0 4.6 29.0 18:05 N
19 23.2 28.3 15:29 17.9 09:00 0.0 4.9 0.0 7.9 30.6 14:42 N
20 26.5 30.9 14:59 22.4 06:24 0.0 8.2 0.0 6.9 33.8 16:13 N
21 27.4 31.7 16:31 23.2 06:24 0.0 9.1 0.0 8.4 41.8 07:43 NNE
22 21.8 32.3 12:46 16.2 20:35 0.4 3.9 0.0 6.8 46.7 13:33 N
23 16.4 22.7 11:51 14.3 02:35 2.4 0.5 0.0 3.8 38.6 12:17 N
24 18.1 25.3 15:48 13.2 06:24 1.5 1.2 0.0 2.4 38.6 13:18 N
25 19.3 27.4 15:19 13.7 02:57 1.8 2.8 0.0 4.6 37.0 16:14 N
26 15.9 22.3 15:11 12.1 03:08 3.0 0.6 0.0 8.7 41.8 16:25 N
27 20.2 27.1 16:27 14.1 09:00 0.9 2.8 0.0 3.5 19.3 09:30 N
28 25.8 33.8 15:24 18.0 02:41 0.0 7.5 0.0 2.4 20.9 14:50 N
29 25.6 35.1 14:05 20.1 02:08 0.0 7.3 0.0 4.0 43.5 16:24 N
30 23.2 33.2 14:17 16.3 07:52 0.2 5.1 0.0 5.1 56.3 18:33 N
----------------------------------------------------------------------------------
19.1 35.1 29 3.6 6 71.5 94.9 0.0 6.1 56.3 30 N
Max >= 27.0: 15
Max <= 0.0: 0
Min <= 0.0: 0
Min <= -18.0: 0
Max Rain: 0.0 on day 0
Days of Rain: 0 (>= 0.2 mm) 0 (>= 2.0 mm) 0 (>= 20.0 mm)
Heat Base: 18.3 Cool Base: 18.3 Method: Integration