V/Λ SELECT: Month and Year
OR > Month
Monthly Climatological Summary for Jun 2017
Name: City: State:
Elevation: 494 m Lat: S 33° 40' 38" Lon: E 138° 56' 13"
Temperature (°C), Rain (mm), Wind Speed (km/h)
Heat Cool Avg
Mean Deg Deg Wind Dom
Day Temp High Time Low Time Days Days Rain Speed High Time Dir
----------------------------------------------------------------------------------
1 6.7 12.2 14:22 2.4 22:58 11.6 0.0 0.0 1.5 20.9 11:15 N
2 7.1 13.7 13:27 2.2 08:26 11.2 0.0 0.0 1.8 20.9 09:35 N
3 5.6 15.3 13:24 -1.8 03:49 12.7 0.0 0.2 1.0 14.5 13:41 N
4 5.7 15.2 13:59 -0.8 02:01 12.6 0.0 0.0 1.7 22.5 11:43 N
5 9.8 15.1 14:39 4.8 09:00 8.5 0.0 0.0 2.5 25.7 14:41 N
6 6.3 13.1 14:08 0.9 08:21 12.0 0.0 0.4 1.6 24.1 15:43 NNE
7 4.6 13.5 15:49 -1.9 03:20 13.7 0.0 0.0 0.4 16.1 13:31 N
8 8.5 14.1 13:42 2.1 09:00 9.8 0.0 0.2 2.2 30.6 15:51 NNE
9 9.0 11.0 13:26 7.1 08:59 9.3 0.0 0.2 7.1 25.7 10:27 N
10 7.2 13.1 15:13 1.9 08:15 11.1 0.0 0.0 1.9 22.5 10:35 N
11 6.3 14.5 14:42 -0.6 03:35 12.0 0.0 0.2 2.2 24.1 12:08 N
12 7.1 13.7 14:25 1.4 02:07 11.2 0.0 0.2 1.1 22.5 11:02 N
13 9.7 14.3 13:47 5.7 08:37 8.6 0.0 0.2 1.9 17.7 10:48 N
14 10.0 16.8 13:57 6.2 23:14 8.3 0.0 0.2 2.4 24.1 10:16 N
15 11.0 16.4 14:36 7.3 09:00 7.3 0.0 0.0 0.4 19.3 11:58 N
16 9.2 14.1 14:28 4.4 08:37 9.1 0.0 0.0 0.5 16.1 11:47 N
17 7.7 14.5 13:41 2.7 00:32 10.6 0.0 0.2 2.2 32.2 14:44 N
18 7.0 15.1 13:51 0.3 04:37 11.3 0.0 0.4 0.5 14.5 11:56 NNE
19 9.2 16.6 15:15 1.4 08:34 9.1 0.0 0.2 1.8 17.7 09:30 N
20 6.5 16.4 13:56 -0.8 04:21 11.8 0.0 0.2 1.5 24.1 14:29 N
21 8.8 15.3 13:12 3.1 09:00 9.5 0.0 0.0 0.8 16.1 13:26 N
22 8.8 16.9 13:51 2.9 22:42 9.5 0.0 0.0 0.6 17.7 14:55 N
23 9.4 17.0 12:08 4.0 23:51 8.9 0.0 0.2 4.4 46.7 12:09 N
24 7.3 14.8 13:02 0.9 03:38 11.0 0.0 0.8 1.3 19.3 11:44 N
25 6.9 12.6 12:40 2.6 08:33 11.4 0.0 0.8 5.7 40.2 14:53 N
26 8.9 13.3 13:14 5.3 09:00 9.4 0.0 0.2 0.5 12.9 16:38 N
27 7.0 12.1 15:29 2.7 03:34 11.3 0.0 0.0 0.8 16.1 10:25 N
28 8.1 13.9 13:52 4.9 03:40 10.2 0.0 9.0 3.4 33.8 20:19 N
29 8.0 11.0 13:09 5.0 09:00 10.3 0.0 0.2 3.9 33.8 13:17 N
30 7.2 11.5 14:30 4.7 23:40 11.1 0.0 0.0 0.9 16.1 08:58 N
----------------------------------------------------------------------------------
7.8 17.0 23 -1.9 7 314.4 0.0 14.0 2.0 46.7 23 N
Max >= 27.0: 0
Max <= 0.0: 0
Min <= 0.0: 5
Min <= -18.0: 0
Max Rain: 9.0 on day 28
Days of Rain: 18 (>= 0.2 mm) 1 (>= 2.0 mm) 0 (>= 20.0 mm)
Heat Base: 18.3 Cool Base: 18.3 Method: Integration