V/Λ SELECT: Month and Year
OR > Month
Monthly Climatological Summary for May 2017
Name: City: State:
Elevation: 494 m Lat: S 33° 40' 38" Lon: E 138° 56' 13"
Temperature (°C), Rain (mm), Wind Speed (km/h)
Heat Cool Avg
Mean Deg Deg Wind Dom
Day Temp High Time Low Time Days Days Rain Speed High Time Dir
----------------------------------------------------------------------------------
1 12.0 17.0 13:57 9.6 04:43 6.3 0.0 0.6 5.6 40.2 16:13 N
2 8.8 12.9 13:15 3.6 04:52 9.5 0.0 0.0 1.9 24.1 15:16 NNE
3 9.0 13.8 13:51 3.3 07:46 9.3 0.0 0.2 1.2 16.1 09:14 NNE
4 9.5 14.6 14:14 4.6 07:55 8.8 0.0 0.0 1.2 16.1 12:35 N
5 12.1 17.2 14:14 8.9 09:00 6.2 0.0 0.0 6.6 33.8 08:41 N
6 11.3 18.6 13:05 6.1 04:40 7.0 0.0 0.0 6.2 41.8 10:31 N
7 7.9 12.6 14:05 2.3 05:05 10.4 0.0 0.0 5.2 24.1 09:51 N
8 7.6 12.2 15:12 3.3 03:49 10.7 0.0 0.0 4.9 20.9 09:01 N
9 9.4 15.0 14:51 4.3 22:49 8.9 0.0 0.0 1.5 17.7 09:38 N
10 9.8 18.5 15:32 3.7 04:35 8.5 0.0 0.0 0.8 17.7 13:01 N
11 9.8 18.1 12:36 2.8 04:11 8.5 0.0 0.0 0.3 16.1 14:04 N
12 9.9 16.3 14:35 5.6 04:01 8.1 0.0 0.0 1.9 20.9 12:36 N
13 10.7 15.4 14:02 5.3 07:47 7.6 0.0 0.0 3.0 19.3 10:19 N
14 10.6 16.7 13:35 4.4 07:55 7.7 0.0 0.0 2.2 17.7 13:17 N
15 14.8 19.3 11:31 8.6 01:37 3.6 0.1 0.0 6.7 25.7 02:25 N
16 15.6 18.7 13:52 13.1 03:21 2.7 0.0 1.8 13.4 48.3 22:48 N
17 11.4 15.1 12:21 8.2 04:31 6.9 0.0 0.6 3.4 29.0 12:23 N
18 11.2 16.1 13:54 9.3 04:09 7.1 0.0 5.6 3.1 25.7 13:18 N
19 10.9 16.5 12:14 7.3 04:51 7.4 0.0 0.2 2.8 29.0 13:38 N
20 11.2 17.4 15:08 6.8 04:04 7.1 0.0 0.0 1.9 24.1 09:29 N
21 15.3 19.4 14:01 8.3 22:40 3.1 0.1 0.2 12.6 43.5 03:00 N
22 13.9 19.1 15:20 9.8 03:56 4.4 0.0 2.4 6.4 45.1 09:46 N
23 12.1 15.6 12:48 10.6 09:00 6.2 0.0 0.4 13.5 41.8 01:24 N
24 10.8 16.1 13:42 6.2 23:28 7.5 0.0 0.0 5.7 41.8 10:56 N
25 10.5 17.3 14:39 5.6 03:04 7.8 0.0 0.2 4.5 37.0 10:42 N
26 12.6 18.9 14:15 7.6 22:45 5.8 0.0 0.0 3.6 22.5 10:28 N
27 11.8 18.3 13:14 7.4 04:05 6.5 0.0 2.6 15.1 56.3 20:33 N
28 7.5 11.3 13:15 4.6 04:16 10.8 0.0 3.6 7.8 46.7 12:44 N
29 10.0 12.0 16:04 8.7 09:12 8.3 0.0 0.8 9.0 29.0 15:01 N
30 6.2 11.6 11:49 1.7 03:37 12.1 0.0 0.4 2.9 35.4 11:57 NNE
31 5.2 9.8 13:22 1.6 02:53 13.1 0.0 0.0 2.8 25.7 12:04 N
----------------------------------------------------------------------------------
10.6 19.4 21 1.6 31 237.9 0.2 19.6 5.1 56.3 27 N
Max >= 27.0: 0
Max <= 0.0: 0
Min <= 0.0: 0
Min <= -18.0: 0
Max Rain: 5.6 on day 18
Days of Rain: 14 (>= 0.2 mm) 4 (>= 2.0 mm) 0 (>= 20.0 mm)
Heat Base: 18.3 Cool Base: 18.3 Method: Integration