V/Λ SELECT: Month and Year
OR > Month
Monthly Climatological Summary for Jan 2017
Name: City: State:
Elevation: 494 m Lat: S 33° 40' 38" Lon: E 138° 56' 13"
Temperature (°C), Rain (mm), Wind Speed (km/h)
Heat Cool Avg
Mean Deg Deg Wind Dom
Day Temp High Time Low Time Days Days Rain Speed High Time Dir
----------------------------------------------------------------------------------
1 16.4 22.6 15:16 11.4 05:10 2.8 0.9 0.0 14.8 51.5 14:08 NNE
2 17.3 25.1 16:38 10.4 06:23 2.8 1.7 0.0 11.4 32.2 10:57 ESE
3 20.6 27.1 16:20 14.7 09:00 0.4 2.7 0.0 8.6 29.0 16:44 ESE
4 25.5 32.5 16:36 19.0 06:28 0.0 7.2 0.0 9.2 30.6 00:46 NE
5 25.3 32.4 12:54 19.1 06:09 0.0 7.0 4.8 7.6 30.6 01:20 NE
6 30.5 36.1 16:54 25.2 05:38 0.0 12.2 0.8 8.0 30.6 12:52 NNE
7 28.9 37.8 14:56 20.7 05:51 0.0 10.6 0.0 9.5 48.3 20:30 N
8 23.9 32.2 13:41 16.1 08:37 0.2 5.8 0.0 3.4 24.1 13:36 NNE
9 19.4 24.4 18:41 15.3 06:06 0.6 1.7 0.0 3.9 29.0 15:28 ENE
10 20.7 31.2 14:52 12.7 06:38 1.7 4.2 3.4 7.6 38.6 15:08 NNE
11 20.1 29.3 16:42 11.9 06:06 1.8 3.6 0.0 7.7 29.0 15:26 NNE
12 28.3 35.2 17:21 17.2 09:00 0.0 10.0 0.6 9.0 64.4 05:53 NNE
13 16.8 23.3 12:05 12.0 01:46 2.4 0.9 3.4 16.4 46.7 12:47 N
14 16.4 22.8 16:35 11.3 02:15 2.9 1.0 0.0 12.3 41.8 10:35 NNE
15 19.6 27.4 16:47 12.0 06:32 1.6 2.9 0.0 4.7 19.3 09:03 ENE
16 26.5 35.4 15:18 16.4 05:39 0.2 8.3 0.0 4.1 29.0 16:04 NNE
17 28.0 38.7 14:24 15.3 06:18 0.5 10.3 0.0 11.6 43.5 14:42 NE
18 21.3 28.2 15:46 15.3 05:25 0.6 3.7 0.0 10.4 32.2 12:50 E
19 24.2 33.7 16:13 16.4 08:43 0.1 6.0 17.8 11.0 59.5 21:12 NNE
20 15.7 22.6 17:30 10.2 06:05 3.4 0.7 0.0 10.9 45.1 11:11 NE
21 18.9 25.8 17:00 11.9 06:34 1.7 2.3 0.0 4.6 25.7 09:34 E
22 25.8 32.7 18:05 20.4 06:10 0.0 7.5 0.0 3.4 22.5 13:12 NNE
23 23.5 34.4 11:30 15.4 08:02 0.6 5.7 1.6 12.5 48.3 12:44 NNE
24 17.1 25.4 15:25 10.4 04:45 2.8 1.7 0.0 9.4 30.6 18:09 ENE
25 18.7 28.0 17:40 10.6 06:16 2.6 2.9 0.0 7.7 22.5 15:58 ENE
26 19.2 27.6 17:10 12.2 05:52 1.9 2.8 0.0 6.3 24.1 19:10 ENE
27 22.4 32.1 15:39 13.1 06:11 1.2 5.3 0.0 4.6 30.6 17:25 NNE
28 25.9 33.6 16:36 17.8 03:25 0.0 7.6 0.0 4.3 30.6 12:25 NNE
29 29.9 38.1 16:43 21.7 03:55 0.0 11.6 0.0 3.2 32.2 13:51 NNE
30 23.3 31.2 14:22 14.2 08:27 0.5 5.6 0.0 10.9 40.2 11:32 N
31 17.4 23.7 18:07 11.9 03:53 2.4 1.5 0.0 6.6 25.7 21:10 ESE
----------------------------------------------------------------------------------
22.2 38.7 17 10.2 20 35.7 155.9 32.4 8.2 64.4 12 NE
Max >= 27.0: 22
Max <= 0.0: 0
Min <= 0.0: 0
Min <= -18.0: 0
Max Rain: 17.8 on day 19
Days of Rain: 7 (>= 0.2 mm) 4 (>= 2.0 mm) 0 (>= 20.0 mm)
Heat Base: 18.3 Cool Base: 18.3 Method: Integration