V/Λ SELECT: Month and Year
OR > Month
Monthly Climatological Summary for Mar 2016
Name: City: State:
Elevation: 494 m Lat: S 33° 40' 38" Lon: E 138° 56' 13"
Temperature (°C), Rain (mm), Wind Speed (km/h)
Heat Cool Avg
Mean Deg Deg Wind Dom
Day Temp High Time Low Time Days Days Rain Speed High Time Dir
----------------------------------------------------------------------------------
1 25.3 33.8 14:54 16.1 05:09 0.2 7.2 0.0 7.3 38.6 13:05 N
2 25.7 36.8 14:40 15.9 07:16 0.3 7.7 0.6 8.9 40.2 15:29 N
3 24.3 33.7 17:31 18.5 02:50 0.0 6.0 0.0 5.5 40.2 17:47 N
4 26.5 34.8 15:49 17.4 06:51 0.1 8.3 0.0 6.3 38.6 14:01 N
5 27.1 34.7 15:14 21.4 09:00 0.0 8.8 0.0 6.2 30.6 09:02 N
6 26.3 37.4 14:33 20.8 01:58 0.0 8.0 1.2 8.5 51.5 16:51 N
7 24.7 29.3 13:53 20.1 07:36 0.0 6.4 0.2 8.7 37.0 14:05 N
8 27.7 37.1 14:59 20.0 02:16 0.0 9.4 0.0 8.7 48.3 23:58 N
9 21.1 24.7 16:55 18.2 07:45 0.0 2.8 0.2 5.7 29.0 06:51 N
10 21.0 24.2 17:24 18.3 07:05 0.0 2.7 0.2 7.5 33.8 12:49 N
11 23.0 28.6 16:54 17.8 06:12 0.0 4.7 9.6 5.8 20.9 14:03 N
12 22.6 29.9 15:23 17.6 04:43 0.1 4.4 0.0 6.3 37.0 18:47 N
13 22.5 29.5 15:32 15.3 07:22 0.5 4.8 0.0 7.0 25.7 11:42 N
14 19.2 25.3 15:58 13.3 07:51 1.1 2.0 0.0 12.4 29.0 10:07 N
15 20.0 26.3 17:26 13.7 09:00 0.9 2.6 0.0 7.0 30.6 11:57 N
16 24.9 29.5 16:12 19.6 09:00 0.0 6.6 0.0 6.0 25.7 11:54 N
17 21.5 32.2 13:46 11.5 07:27 1.5 4.6 1.6 18.7 67.6 05:50 N
18 13.9 17.8 15:15 10.6 07:33 4.4 0.0 0.0 15.2 57.9 09:37 N
19 14.1 19.6 17:05 8.6 07:16 4.3 0.2 0.0 7.4 29.0 16:54 N
20 14.9 21.5 17:00 8.9 07:00 3.8 0.5 0.0 9.5 24.1 15:30 S
21 15.8 22.7 16:57 8.4 06:53 3.4 0.9 0.0 3.3 22.5 10:37 NNE
22 20.4 28.3 16:25 12.8 01:54 1.3 3.4 0.0 3.5 22.5 13:04 N
23 20.0 25.1 10:55 15.2 07:39 0.6 2.4 0.0 7.5 35.4 14:31 N
24 19.1 27.9 14:32 12.1 08:04 1.6 2.4 2.8 6.5 22.5 14:30 N
25 14.1 21.9 16:21 6.7 07:15 4.8 0.6 0.0 4.5 22.5 12:06 N
26 14.8 20.2 16:36 10.9 04:49 3.7 0.2 0.0 7.5 30.6 13:26 N
27 14.3 18.4 16:18 10.4 07:35 4.0 0.0 0.0 8.5 29.0 22:02 N
28 14.1 18.7 16:00 9.9 07:24 4.2 0.0 0.4 10.5 30.6 23:04 N
29 10.9 15.8 16:05 4.2 06:56 7.4 0.0 1.4 4.3 20.9 14:29 N
30 11.8 17.8 16:53 5.7 07:42 6.5 0.0 0.0 4.6 30.6 15:08 N
31 16.2 22.2 16:26 9.7 09:00 2.8 0.7 0.0 3.2 22.5 08:57 N
----------------------------------------------------------------------------------
19.9 37.4 6 4.2 29 57.5 108.3 18.2 7.5 67.6 17 N
Max >= 27.0: 15
Max <= 0.0: 0
Min <= 0.0: 0
Min <= -18.0: 0
Max Rain: 9.6 on day 11
Days of Rain: 10 (>= 0.2 mm) 2 (>= 2.0 mm) 0 (>= 20.0 mm)
Heat Base: 18.3 Cool Base: 18.3 Method: Integration