V/Λ SELECT: Month and Year
OR > Month
Monthly Climatological Summary for Aug 2015
Name: City: State:
Elevation: 494 m Lat: S 33° 40' 38" Lon: E 138° 56' 13"
Temperature (°C), Rain (mm), Wind Speed (km/h)
Heat Cool Avg
Mean Deg Deg Wind Dom
Day Temp High Time Low Time Days Days Rain Speed High Time Dir
----------------------------------------------------------------------------------
1 7.4 10.1 13:04 3.9 06:19 10.9 0.0 8.8 6.3 37.0 23:49 NNE
2 8.1 9.8 12:58 6.2 09:16 10.2 0.0 1.6 20.2 49.9 04:33 N
3 6.4 10.5 13:59 3.2 07:28 11.9 0.0 1.4 11.6 43.5 10:49 N
4 7.2 9.0 14:14 5.3 09:04 11.1 0.0 5.0 17.3 53.1 04:18 N
5 7.0 10.3 13:57 5.1 07:04 11.3 0.0 2.0 15.2 51.5 12:13 N
6 7.6 10.0 13:51 6.1 04:50 10.7 0.0 0.2 6.7 32.2 13:54 N
7 7.2 11.0 14:12 4.2 23:24 11.1 0.0 0.2 1.5 19.3 08:38 NE
8 8.8 12.9 12:18 5.1 05:51 9.5 0.0 0.0 7.3 35.4 08:54 N
9 11.2 16.4 15:17 7.3 07:20 7.1 0.0 0.4 19.2 51.5 07:24 N
10 7.6 11.2 12:06 4.9 01:12 10.7 0.0 0.0 19.0 59.5 12:36 N
11 7.2 14.4 14:46 3.4 03:07 11.1 0.0 25.4 22.1 59.5 10:50 N
12 7.5 10.8 13:39 5.9 23:53 10.8 0.0 2.8 19.2 62.8 11:33 N
13 9.5 10.8 16:28 7.9 09:00 8.8 0.0 1.0 10.9 30.6 12:26 N
14 7.7 11.2 14:09 2.6 06:21 10.6 0.0 0.2 4.3 25.7 12:39 N
15 9.2 13.4 14:01 4.6 06:50 9.1 0.0 0.2 2.3 17.7 14:52 N
16 8.8 14.2 14:03 3.4 05:33 9.5 0.0 0.4 6.5 30.6 14:40 N
17 8.0 12.8 14:07 4.1 07:37 10.3 0.0 2.8 6.2 35.4 14:27 N
18 7.6 12.1 16:12 4.8 20:36 10.5 0.0 0.0 5.1 22.5 00:18 NNE
19 13.1 15.8 14:49 5.8 09:00 5.2 0.0 0.0 10.7 41.8 23:52 NNE
20 16.0 18.8 11:32 11.9 06:39 2.3 0.0 0.0 18.9 59.5 11:32 N
21 11.3 17.9 12:28 5.3 07:18 7.0 0.0 0.2 7.3 48.3 12:38 N
22 10.4 16.6 13:03 5.6 01:34 7.9 0.0 0.2 5.4 29.0 16:11 NNE
23 8.8 11.9 11:07 5.8 06:15 9.5 0.0 12.2 16.2 45.1 22:51 N
24 5.7 9.7 14:42 1.8 01:45 12.6 0.0 0.2 8.2 35.4 11:27 N
25 7.6 10.7 15:36 5.4 06:59 10.7 0.0 0.0 6.8 35.4 12:05 N
26 6.4 12.2 15:03 0.4 04:02 11.9 0.0 0.0 3.0 24.1 15:14 N
27 7.0 11.4 15:44 2.2 02:34 11.3 0.0 0.6 7.4 37.0 12:37 N
28 6.4 10.4 14:10 0.3 03:58 11.9 0.0 0.2 4.8 22.5 10:40 N
29 5.9 11.7 15:07 0.4 07:01 12.4 0.0 0.2 3.2 17.7 16:36 NNE
30 6.7 13.9 15:39 -0.2 07:03 11.6 0.0 0.0 2.2 17.7 09:24 N
31 10.2 16.1 15:21 4.4 00:51 8.1 0.0 0.0 4.3 29.0 08:49 N
----------------------------------------------------------------------------------
8.4 18.8 20 -0.2 30 307.6 0.0 66.2 9.7 62.8 12 N
Max >= 27.0: 0
Max <= 0.0: 0
Min <= 0.0: 1
Min <= -18.0: 0
Max Rain: 25.4 on day 11
Days of Rain: 22 (>= 0.2 mm) 7 (>= 2.0 mm) 1 (>= 20.0 mm)
Heat Base: 18.3 Cool Base: 18.3 Method: Integration