V/Λ SELECT: Month and Year
OR > Month
Monthly Climatological Summary for Nov 2013
Name: City: State:
Elevation: 472 m Lat: S 33° 42' 00" Lon: E 138° 53' 60"
Temperature (°C), Rain (mm), Wind Speed (km/h)
Heat Cool Avg
Mean Deg Deg Wind Dom
Day Temp High Time Low Time Days Days Rain Speed High Time Dir
----------------------------------------------------------------------------------
1 20.4 29.7 16:19 11.2 03:44 2.3 4.4 0.0 7.7 32.2 11:56 E
2 21.8 33.2 14:59 11.4 06:25 2.0 5.5 0.0 8.8 41.8 13:22 E
3 14.5 23.1 14:20 4.8 05:33 4.5 0.8 0.0 12.2 38.6 16:31 N
4 19.2 20.8 16:18 11.0 10:00 0.6 1.6 0.0 15.4 33.8 11:02 NW
5 20.2 27.4 17:01 12.6 06:00 1.2 3.1 0.0 9.0 25.7 10:38 WSW
6 24.0 33.7 16:49 16.7 04:06 0.2 5.9 0.0 5.2 29.0 14:54 SE
7 17.8 29.7 13:26 11.3 09:41 2.7 2.2 0.4 6.4 41.8 07:12 E
8 10.5 16.8 14:17 4.3 03:43 7.8 0.0 0.0 14.7 48.3 14:17 NE
9 10.2 17.3 16:07 4.7 04:54 8.1 0.0 0.0 9.3 40.2 16:10 N
10 11.4 17.3 16:23 6.1 06:08 6.9 0.0 0.0 11.6 40.2 17:08 NNW
11 12.6 19.1 17:34 4.6 07:00 5.7 0.0 0.0 10.3 41.8 16:11 NNW
12 13.7 20.2 15:49 7.6 02:36 4.8 0.2 0.0 10.9 48.3 14:13 NE
13 13.0 21.9 16:32 5.8 04:02 5.6 0.4 0.0 6.2 37.0 19:12 NNW
14 13.8 23.7 16:54 7.8 03:21 4.8 0.7 0.0 7.2 33.8 17:18 NNW
15 13.6 20.6 15:33 8.1 06:02 4.9 0.3 0.2 8.4 30.6 00:55 NW
16 14.7 22.2 16:28 7.4 06:02 4.4 0.8 0.0 11.3 32.2 19:56 NW
17 17.1 25.3 09:47 7.9 06:16 3.0 1.8 0.0 6.0 32.2 09:46 NW
18 22.6 31.1 16:03 13.8 01:31 0.9 5.2 0.0 4.4 30.6 12:08 SE
19 21.7 34.1 17:12 12.5 05:30 2.1 5.5 0.0 8.1 37.0 13:10 WNW
20 13.8 21.7 14:42 7.9 02:07 5.1 0.5 0.4 11.8 35.4 14:19 NNW
21 10.8 18.8 14:44 1.8 06:07 7.6 0.0 0.0 9.4 35.4 18:05 NNE
22 12.0 18.7 14:47 5.7 06:00 6.3 0.0 0.0 6.6 41.8 18:30 NE
23 14.7 14.7 10:00 14.7 10:00 3.4 0.0 0.0 12.1 30.6 10:00 N
24 14.7 14.7 10:00 14.7 10:00 3.6 0.0 0.0 12.9 30.6 10:00 N
25 24.8 26.6 08:59 14.7 10:00 1.8 0.2 0.0 12.9 30.6 10:00 N
26 27.8 33.7 15:52 22.5 05:28 0.0 9.5 0.0 5.2 38.6 08:50 S
27 26.9 36.6 15:04 15.4 06:21 0.4 9.0 0.0 12.3 40.2 09:58 ESE
28 12.9 18.1 11:07 8.3 05:52 5.4 0.0 2.4 8.0 41.8 03:18 NNW
29 16.2 20.5 15:34 11.4 09:00 0.7 0.1 0.0 15.4 38.6 09:14 NW
30 21.7 26.8 17:16 0.0 09:25 0.2 3.5 0.0 9.1 33.8 03:12 W
----------------------------------------------------------------------------------
17.0 36.6 27 0.0 30 107.0 61.2 3.4 9.6 48.3 8 N
Max >= 27.0: 9
Max <= 0.0: 0
Min <= 0.0: 1
Min <= -18.0: 0
Max Rain: 2.4 on day 28
Days of Rain: 4 (>= 0.2 mm) 1 (>= 2.0 mm) 0 (>= 20.0 mm)
Heat Base: 18.3 Cool Base: 18.3 Method: Integration